185.137.48.136 - - [27/Aug/2026:18:04:27 -0600] "GET /step-one-put-casinos-within-the-2026-best-low-zeus-slot-game-minimal-local-casino-web-sites/ HTTP/1.1" 200 32831 "-" "Mozilla/5.0 (Macintosh; Intel Mac OS X 10_15_7) AppleWebKit/537.36 (KHTML, like Gecko) Chrome/129.0.0.0 Safari/537.36" woosigns.com 10.38.47.211
67.20.76.220 - - [27/Aug/2026:18:04:50 -0600] "POST /web_online_store/wp-cron.php?doing_wp_cron=1787875490.7816700935363769531250 HTTP/1.1" 200 - "-" "WordPress/6.9.7; https://woosigns.com" woosigns.com 10.38.47.211
180.249.202.97 - - [27/Aug/2026:18:04:47 -0600] "POST /web_online_store/xmlrpc.php HTTP/1.1" 200 130 "-" "Mozilla/5.0 (Windows NT 10.0; Win64; x64) AppleWebKit/537.36 (KHTML, like Gecko) obsidian/1.8.3 Chrome/130.0.6723.191 Electron/33.3.2 Safari/537.36" woosigns.com 10.38.47.211
102.203.215.6 - - [27/Aug/2026:18:05:00 -0600] "POST /web_online_store/xmlrpc.php HTTP/1.1" 409 83 "-" "Mozilla/5.0 (Windows NT 10.0; Win64; x64) AppleWebKit/537.36 (KHTML, like Gecko) Chrome/58.0.3029.110 Safari/537.3" woosigns.com 10.38.47.211
180.249.202.97 - - [27/Aug/2026:18:05:01 -0600] "POST /web_online_store/xmlrpc.php HTTP/1.1" 200 6977 "-" "Mozilla/5.0 (Windows NT 10.0; Win64; x64) AppleWebKit/537.36 (KHTML, like Gecko) Chrome/137.0.0.0 Safari/537.36" woosigns.com 10.38.47.211
180.249.202.97 - - [27/Aug/2026:18:05:11 -0600] "GET /finest-cellular-casinos-us-2026-gamble-mr-green-casino-bonus-100-anywhere/ HTTP/1.1" 200 34372 "-" "Mozilla/5.0 (Macintosh; Intel Mac OS X 10_15_7) AppleWebKit/605.1.15 (KHTML, like Gecko) Version/18.1 Safari/605.1.15" woosigns.com 10.38.47.211
180.249.202.97 - - [27/Aug/2026:18:05:11 -0600] "GET /finest-cellular-casinos-us-2026-gamble-mr-green-casino-bonus-100-anywhere/ HTTP/1.1" 200 34372 "-" "Mozilla/5.0 (Macintosh; Intel Mac OS X 10_15_7) AppleWebKit/605.1.15 (KHTML, like Gecko) Version/18.1 Safari/605.1.15" woosigns.com 10.38.47.211
57.141.14.106 - - [27/Aug/2026:18:05:31 -0600] "GET /nya-casinon-casino-betser-mobil-2026-vi-listar-all-nya-svenska-casinon-online/ HTTP/1.1" 200 31308 "-" "Mozilla/5.0 (Macintosh; Intel Mac OS X 10_15_7) AppleWebKit/537.36 (KHTML, like Gecko) Chrome/145.0.0.0 Safari/537.36 (compatible; meta-externalagent/1.1 (+https://developers.facebook.com/docs/sharing/webmasters/crawler))" woosigns.com 10.38.47.211
57.141.14.106 - - [27/Aug/2026:18:05:31 -0600] "GET /nya-casinon-casino-betser-mobil-2026-vi-listar-all-nya-svenska-casinon-online/ HTTP/2.0" 200 31308 "-" "Mozilla/5.0 (Macintosh; Intel Mac OS X 10_15_7) AppleWebKit/537.36 (KHTML, like Gecko) Chrome/145.0.0.0 Safari/537.36 (compatible; meta-externalagent/1.1 (+https://developers.facebook.com/docs/sharing/webmasters/crawler))" woosigns.com 10.38.47.211
66.249.64.130 - - [27/Aug/2026:18:06:25 -0600] "GET /naviguer-sans-effort-dans-un-casino-en-ligne-international-peut-changer-la-donne-des-la-premiere-mise/ HTTP/1.1" 200 30876 "-" "Mozilla/5.0 (Linux; Android 6.0.1; Nexus 5X Build/MMB29P) AppleWebKit/537.36 (KHTML, like Gecko) Chrome/151.0.7922.173 Mobile Safari/537.36 (compatible; Googlebot/2.1; +http://www.google.com/bot.html)" woosigns.com 10.38.47.211
66.249.64.130 - - [27/Aug/2026:18:06:25 -0600] "GET /naviguer-sans-effort-dans-un-casino-en-ligne-international-peut-changer-la-donne-des-la-premiere-mise/ HTTP/1.1" 200 30876 "-" "Mozilla/5.0 (Linux; Android 6.0.1; Nexus 5X Build/MMB29P) AppleWebKit/537.36 (KHTML, like Gecko) Chrome/151.0.7922.173 Mobile Safari/537.36 (compatible; Googlebot/2.1; +http://www.google.com/bot.html)" woosigns.com 10.38.47.211
189.89.22.216 - - [27/Aug/2026:18:06:47 -0600] "POST /web_online_store/xmlrpc.php HTTP/1.1" 406 226 "-" "Mozilla/5.0 (X11; Linux x86_64; rv:128.0) Gecko/20100101 Firefox/128.0" woosigns.com 10.38.47.211
57.141.14.74 - - [27/Aug/2026:18:06:56 -0600] "GET /beste-verbunden-casinos-via-echtgeld-2026-erprobung-winner-casino-kollation/ HTTP/1.1" 200 32153 "-" "Mozilla/5.0 (X11; Linux x86_64) AppleWebKit/537.36 (KHTML, like Gecko) Chrome/145.0.0.0 Safari/537.36 (compatible; meta-externalagent/1.1 (+https://developers.facebook.com/docs/sharing/webmasters/crawler))" woosigns.com 10.38.47.211
57.141.14.74 - - [27/Aug/2026:18:06:56 -0600] "GET /beste-verbunden-casinos-via-echtgeld-2026-erprobung-winner-casino-kollation/ HTTP/2.0" 200 32153 "-" "Mozilla/5.0 (X11; Linux x86_64) AppleWebKit/537.36 (KHTML, like Gecko) Chrome/145.0.0.0 Safari/537.36 (compatible; meta-externalagent/1.1 (+https://developers.facebook.com/docs/sharing/webmasters/crawler))" woosigns.com 10.38.47.211
189.89.22.216 - - [27/Aug/2026:18:06:56 -0600] "POST /web_online_store/xmlrpc.php HTTP/1.1" 406 226 "-" "Mozilla/5.0 (X11; Linux x86_64; rv:128.0) Gecko/20100101 Firefox/128.0" woosigns.com 10.38.47.211
135.236.141.99 - - [27/Aug/2026:18:06:59 -0600] "GET /wp-login.php HTTP/2.0" 409 83 "-" "Mozilla/5.0 (Windows NT 10.0; Win64; x64) AppleWebKit/537.36 (KHTML, like Gecko) Chrome/151.0.0.0 Safari/537.36" woosigns.com 10.38.47.211
20.104.81.161 - - [27/Aug/2026:18:07:01 -0600] "GET /wp-content/plugins/fix/up.php HTTP/2.0" 409 83 "-" "Mozilla/5.0" woosigns.com 10.38.47.211
67.20.76.220 - - [27/Aug/2026:18:07:04 -0600] "POST /web_online_store/wp-cron.php?doing_wp_cron=1787875624.2428789138793945312500 HTTP/1.1" 200 - "-" "WordPress/6.9.7; https://woosigns.com" woosigns.com 10.38.47.211
182.62.172.116 - - [27/Aug/2026:18:07:02 -0600] "POST /web_online_store/xmlrpc.php HTTP/1.1" 200 130 "-" "Mozilla/5.0 (Windows NT 10.0; Win64; x64) AppleWebKit/537.36 (KHTML, like Gecko) Chrome/137.0.0.0 Safari/537.36" woosigns.com 10.38.47.211
67.20.76.220 - - [27/Aug/2026:18:07:13 -0600] "POST /web_online_store/wp-cron.php?doing_wp_cron=1787875633.1088290214538574218750 HTTP/1.1" 200 - "-" "WordPress/6.9.7; https://woosigns.com" woosigns.com 10.38.47.211
182.62.172.116 - - [27/Aug/2026:18:07:12 -0600] "POST /web_online_store/xmlrpc.php HTTP/1.1" 200 4947 "-" "Mozilla/5.0 (Windows NT 10.0; Win64; x64) AppleWebKit/537.36 (KHTML, like Gecko) obsidian/1.8.9 Chrome/132.0.6834.210 Electron/34.3.0 Safari/537.36" woosigns.com 10.38.47.211
182.62.172.116 - - [27/Aug/2026:18:07:17 -0600] "GET /hotshot-gambling-enterprise-free-enjoy-massive-coin-drops-bitkingz-app-download-incentives/ HTTP/1.1" 200 32270 "-" "Mozilla/5.0 (X11; Linux x86_64; rv:137.0) Gecko/20100101 Firefox/137.0" woosigns.com 10.38.47.211
182.62.172.116 - - [27/Aug/2026:18:07:17 -0600] "GET /hotshot-gambling-enterprise-free-enjoy-massive-coin-drops-bitkingz-app-download-incentives/ HTTP/1.1" 200 32270 "-" "Mozilla/5.0 (X11; Linux x86_64; rv:137.0) Gecko/20100101 Firefox/137.0" woosigns.com 10.38.47.211
182.9.8.25 - - [27/Aug/2026:18:07:38 -0600] "POST /web_online_store/xmlrpc.php HTTP/1.1" 406 226 "-" "Mozilla/5.0 (X11; Ubuntu; Linux x86_64; rv:138.0) Gecko/20100101 Firefox/138.0" woosigns.com 10.38.47.211
182.9.8.25 - - [27/Aug/2026:18:07:51 -0600] "POST /web_online_store/xmlrpc.php HTTP/1.1" 406 226 "-" "Mozilla/5.0 (X11; Ubuntu; Linux x86_64; rv:138.0) Gecko/20100101 Firefox/138.0" woosigns.com 10.38.47.211
57.141.14.37 - - [27/Aug/2026:18:08:13 -0600] "GET /%E1%90%88-igrovoy-avtomat-fruit-nv-casino-coctail/ HTTP/1.1" 200 31063 "-" "Mozilla/5.0 (X11; Linux x86_64) AppleWebKit/537.36 (KHTML, like Gecko) Chrome/145.0.0.0 Safari/537.36 (compatible; meta-externalagent/1.1 (+https://developers.facebook.com/docs/sharing/webmasters/crawler))" woosigns.com 10.38.47.211
57.141.14.37 - - [27/Aug/2026:18:08:13 -0600] "GET /%e1%90%88-igrovoy-avtomat-fruit-nv-casino-coctail/ HTTP/2.0" 200 31063 "-" "Mozilla/5.0 (X11; Linux x86_64) AppleWebKit/537.36 (KHTML, like Gecko) Chrome/145.0.0.0 Safari/537.36 (compatible; meta-externalagent/1.1 (+https://developers.facebook.com/docs/sharing/webmasters/crawler))" woosigns.com 10.38.47.211
172.105.76.236 - - [27/Aug/2026:18:10:32 -0600] "HEAD /wordpress/ HTTP/2.0" 404 - "http://woosigns.com/wordpress/" "Mozilla/5.0 (Linux; Android 14; SM-A146P) AppleWebKit/537.36 (KHTML, like Gecko) SamsungBrowser/25.0 Chrome/123.0.6312.120 Mobile Safari/537.36" woosigns.com 10.38.47.211
172.105.76.236 - - [27/Aug/2026:18:10:33 -0600] "HEAD /old/ HTTP/2.0" 404 - "http://woosigns.com/old/" "Mozilla/5.0 (X11; Fedora; Linux x86_64; rv:125.0) Gecko/20100101 Firefox/125.0" woosigns.com 10.38.47.211
172.105.76.236 - - [27/Aug/2026:18:10:34 -0600] "HEAD /backup/ HTTP/2.0" 404 - "http://woosigns.com/backup/" "Mozilla/5.0 (X11; Linux x86_64) AppleWebKit/537.36 (KHTML, like Gecko) Chrome/125.0.6422.76 Safari/537.36" woosigns.com 10.38.47.211
172.105.76.236 - - [27/Aug/2026:18:10:35 -0600] "HEAD /wp/ HTTP/2.0" 404 - "http://woosigns.com/wp/" "Mozilla/5.0 (iPhone; CPU iPhone OS 17_5 like Mac OS X) AppleWebKit/605.1.15 (KHTML, like Gecko) Version/17.5 Mobile/15E148 Safari/604.1" woosigns.com 10.38.47.211
172.105.76.236 - - [27/Aug/2026:18:10:35 -0600] "HEAD /new/ HTTP/2.0" 301 - "http://woosigns.com/new/" "Mozilla/5.0 (Linux; Android 11; RMX2195) AppleWebKit/537.36 (KHTML, like Gecko) Chrome/120.0.6099.210 Mobile Safari/537.36 OPR/75.2.3995.72468" woosigns.com 10.38.47.211
172.105.76.236 - - [27/Aug/2026:18:10:36 -0600] "HEAD /new-gambling-establishment-even-offers-lower-and-you-may-higher-limit-tables-trying-to-match-student-and-experienced-users/ HTTP/2.0" 200 - "https://woosigns.com/new/" "Mozilla/5.0 (Linux; Android 11; RMX2195) AppleWebKit/537.36 (KHTML, like Gecko) Chrome/120.0.6099.210 Mobile Safari/537.36 OPR/75.2.3995.72468" woosigns.com 10.38.47.211
172.105.76.236 - - [27/Aug/2026:18:10:37 -0600] "HEAD /blog/ HTTP/2.0" 404 - "http://woosigns.com/blog/" "Mozilla/5.0 (Linux; Android 10; vivo 1904) AppleWebKit/537.36 (KHTML, like Gecko) Chrome/117.0.5938.60 Mobile Safari/537.36" woosigns.com 10.38.47.211
67.20.76.220 - - [27/Aug/2026:18:10:37 -0600] "POST /web_online_store/wp-cron.php?doing_wp_cron=1787875837.7712330818176269531250 HTTP/1.1" 200 - "-" "WordPress/6.9.7; https://woosigns.com" woosigns.com 10.38.47.211
145.224.123.250 - - [27/Aug/2026:18:10:37 -0600] "POST /web_online_store/xmlrpc.php HTTP/1.1" 200 130 "-" "Mozilla/5.0 (Windows NT 10.0; Win64; x64) AppleWebKit/537.36 (KHTML, like Gecko) Chrome/109.0.0.0 Safari/537.36" woosigns.com 10.38.47.211
172.105.76.236 - - [27/Aug/2026:18:10:38 -0600] "HEAD / HTTP/2.0" 200 - "http://woosigns.com/" "Mozilla/5.0 (Windows NT 11.0; Win64; x64) AppleWebKit/537.36 (KHTML, like Gecko) Chrome/128.0.6540.18 Safari/537.36" woosigns.com 10.38.47.211
145.224.123.250 - - [27/Aug/2026:18:10:41 -0600] "POST /web_online_store/xmlrpc.php HTTP/1.1" 200 4336 "-" "Mozilla/5.0 (Windows NT 10.0; Win64; x64; rv:128.0) Gecko/20100101 Firefox/128.0" woosigns.com 10.38.47.211
145.224.123.250 - - [27/Aug/2026:18:10:43 -0600] "GET /free-internet-games-from-the-casino-liberty-slots-100-free-spins-poki-gamble-today/ HTTP/1.1" 200 31422 "-" "Mozilla/5.0 (Windows NT 10.0; Win64; x64) AppleWebKit/537.36 (KHTML, like Gecko) obsidian/1.8.4 Chrome/130.0.6723.191 Electron/33.3.2 Safari/537.36" woosigns.com 10.38.47.211
145.224.123.250 - - [27/Aug/2026:18:10:43 -0600] "GET /free-internet-games-from-the-casino-liberty-slots-100-free-spins-poki-gamble-today/ HTTP/1.1" 200 31422 "-" "Mozilla/5.0 (Windows NT 10.0; Win64; x64) AppleWebKit/537.36 (KHTML, like Gecko) obsidian/1.8.4 Chrome/130.0.6723.191 Electron/33.3.2 Safari/537.36" woosigns.com 10.38.47.211
67.20.76.220 - - [27/Aug/2026:18:11:49 -0600] "POST /web_online_store/wp-cron.php?doing_wp_cron=1787875909.4897110462188720703125 HTTP/1.1" 200 - "-" "WordPress/6.9.7; https://woosigns.com" woosigns.com 10.38.47.211
185.119.1.240 - - [27/Aug/2026:18:11:48 -0600] "POST /web_online_store/xmlrpc.php HTTP/1.1" 200 130 "-" "Mozilla/5.0 (Windows NT 10.0; Win64; x64) AppleWebKit/537.36 (KHTML, like Gecko) Chrome/133.0.0.0 Safari/537.36 OPR/118.0.0.0" woosigns.com 10.38.47.211
185.119.1.240 - - [27/Aug/2026:18:11:53 -0600] "POST /web_online_store/xmlrpc.php HTTP/1.1" 200 4976 "-" "Mozilla/5.0 (Macintosh; Intel Mac OS X 10_15_7) AppleWebKit/537.36 (KHTML, like Gecko) obsidian/1.6.5 Chrome/124.0.6367.243 Electron/30.1.2 Safari/537.36" woosigns.com 10.38.47.211
185.119.1.240 - - [27/Aug/2026:18:11:57 -0600] "GET /free-netent-slot-software-spins-no-deposit-incentives-2026/ HTTP/1.1" 200 32163 "-" "Mozilla/5.0 (Windows NT 10.0; Win64; x64) AppleWebKit/537.36 (KHTML, like Gecko) Chrome/131.0.0.0 Safari/537.36" woosigns.com 10.38.47.211
185.119.1.240 - - [27/Aug/2026:18:11:57 -0600] "GET /free-netent-slot-software-spins-no-deposit-incentives-2026/ HTTP/1.1" 200 32163 "-" "Mozilla/5.0 (Windows NT 10.0; Win64; x64) AppleWebKit/537.36 (KHTML, like Gecko) Chrome/131.0.0.0 Safari/537.36" woosigns.com 10.38.47.211
185.119.1.240 - - [27/Aug/2026:18:12:11 -0600] "POST /web_online_store/xmlrpc.php HTTP/1.1" 200 128 "-" "Mozilla/5.0 (Windows NT 10.0; Win64; x64) AppleWebKit/537.36 (KHTML, like Gecko) Chrome/119.0.0.0 Safari/537.36" woosigns.com 10.38.47.211
57.141.14.101 - - [27/Aug/2026:18:12:39 -0600] "GET /it-is-necessary-you-discover-such-t-if-you-dont-you-can-void-your-online-local-casino-added-bonus-by-accident/ HTTP/1.1" 200 31656 "-" "Mozilla/5.0 (Windows NT 10.0; Win64; x64) AppleWebKit/537.36 (KHTML, like Gecko) Chrome/145.0.0.0 Safari/537.36 (compatible; meta-externalagent/1.1 (+https://developers.facebook.com/docs/sharing/webmasters/crawler))" woosigns.com 10.38.47.211
57.141.14.101 - - [27/Aug/2026:18:12:39 -0600] "GET /it-is-necessary-you-discover-such-t-if-you-dont-you-can-void-your-online-local-casino-added-bonus-by-accident/ HTTP/2.0" 200 31656 "-" "Mozilla/5.0 (Windows NT 10.0; Win64; x64) AppleWebKit/537.36 (KHTML, like Gecko) Chrome/145.0.0.0 Safari/537.36 (compatible; meta-externalagent/1.1 (+https://developers.facebook.com/docs/sharing/webmasters/crawler))" woosigns.com 10.38.47.211
57.141.14.92 - - [27/Aug/2026:18:14:03 -0600] "GET /utprova-sveriges-basta-online-casinospel-bertil-kasinobonusar-slingo-official/ HTTP/1.1" 200 31743 "-" "Mozilla/5.0 (Macintosh; Intel Mac OS X 10_15_7) AppleWebKit/537.36 (KHTML, like Gecko) Chrome/145.0.0.0 Safari/537.36 (compatible; meta-externalagent/1.1 (+https://developers.facebook.com/docs/sharing/webmasters/crawler))" woosigns.com 10.38.47.211
57.141.14.92 - - [27/Aug/2026:18:14:03 -0600] "GET /utprova-sveriges-basta-online-casinospel-bertil-kasinobonusar-slingo-official/ HTTP/2.0" 200 31743 "-" "Mozilla/5.0 (Macintosh; Intel Mac OS X 10_15_7) AppleWebKit/537.36 (KHTML, like Gecko) Chrome/145.0.0.0 Safari/537.36 (compatible; meta-externalagent/1.1 (+https://developers.facebook.com/docs/sharing/webmasters/crawler))" woosigns.com 10.38.47.211
57.141.14.101 - - [27/Aug/2026:18:14:05 -0600] "GET /emerging-trends-in-mobile-casual-gaming-a-deep-dive-into-player-engagement-and-innovative-experiences-4/ HTTP/1.1" 200 30959 "-" "Mozilla/5.0 (Macintosh; Intel Mac OS X 10_15_7) AppleWebKit/537.36 (KHTML, like Gecko) Chrome/145.0.0.0 Safari/537.36 (compatible; meta-externalagent/1.1 (+https://developers.facebook.com/docs/sharing/webmasters/crawler))" woosigns.com 10.38.47.211
57.141.14.101 - - [27/Aug/2026:18:14:05 -0600] "GET /emerging-trends-in-mobile-casual-gaming-a-deep-dive-into-player-engagement-and-innovative-experiences-4/ HTTP/2.0" 200 30959 "-" "Mozilla/5.0 (Macintosh; Intel Mac OS X 10_15_7) AppleWebKit/537.36 (KHTML, like Gecko) Chrome/145.0.0.0 Safari/537.36 (compatible; meta-externalagent/1.1 (+https://developers.facebook.com/docs/sharing/webmasters/crawler))" woosigns.com 10.38.47.211
67.20.76.220 - - [27/Aug/2026:18:14:16 -0600] "POST /web_online_store/wp-cron.php?doing_wp_cron=1787876056.8432118892669677734375 HTTP/1.1" 200 - "-" "WordPress/6.9.7; https://woosigns.com" woosigns.com 10.38.47.211
187.214.187.241 - - [27/Aug/2026:18:14:15 -0600] "POST /web_online_store/xmlrpc.php HTTP/1.1" 200 130 "-" "Mozilla/5.0 (Windows NT 10.0; Win64; x64) AppleWebKit/537.36 (KHTML, like Gecko) Chrome/130.0.0.0 Safari/537.36" woosigns.com 10.38.47.211
187.214.187.241 - - [27/Aug/2026:18:14:22 -0600] "POST /web_online_store/xmlrpc.php HTTP/1.1" 406 226 "-" "Mozilla/5.0 (X11; Ubuntu; Linux x86_64; rv:137.0) Gecko/20100101 Firefox/137.0" woosigns.com 10.38.47.211
67.20.76.220 - - [27/Aug/2026:18:14:27 -0600] "POST /web_online_store/wp-cron.php?doing_wp_cron=1787876067.2379350662231445312500 HTTP/1.1" 200 - "-" "WordPress/6.9.7; https://woosigns.com" woosigns.com 10.38.47.211
185.187.131.172 - - [27/Aug/2026:18:14:25 -0600] "POST /web_online_store/xmlrpc.php HTTP/1.1" 200 130 "-" "Mozilla/5.0 (Windows NT 10.0; Win64; x64) AppleWebKit/537.36 (KHTML, like Gecko) Chrome/136.0.0.0 Safari/537.36" woosigns.com 10.38.47.211
185.187.131.172 - - [27/Aug/2026:18:14:30 -0600] "POST /web_online_store/xmlrpc.php HTTP/1.1" 406 226 "-" "Mozilla/5.0 (X11; Linux x86_64) AppleWebKit/537.36 (KHTML, like Gecko) Chrome/132.0.0.0 Safari/537.36" woosigns.com 10.38.47.211
187.214.187.241 - - [27/Aug/2026:18:14:35 -0600] "POST /web_online_store/xmlrpc.php HTTP/1.1" 406 226 "-" "Mozilla/5.0 (X11; Ubuntu; Linux x86_64; rv:137.0) Gecko/20100101 Firefox/137.0" woosigns.com 10.38.47.211
185.187.131.172 - - [27/Aug/2026:18:14:39 -0600] "POST /web_online_store/xmlrpc.php HTTP/1.1" 406 226 "-" "Mozilla/5.0 (X11; Linux x86_64) AppleWebKit/537.36 (KHTML, like Gecko) Chrome/132.0.0.0 Safari/537.36" woosigns.com 10.38.47.211
187.214.187.241 - - [27/Aug/2026:18:14:43 -0600] "POST /web_online_store/xmlrpc.php HTTP/1.1" 200 4751 "-" "Mozilla/5.0 (Macintosh; Intel Mac OS X 10_15_7) AppleWebKit/537.36 (KHTML, like Gecko) Chrome/135.0.0.0 Safari/537.36" woosigns.com 10.38.47.211
187.214.187.241 - - [27/Aug/2026:18:14:46 -0600] "GET /current-globe-national-development-lucky-angler-online-slot-headlines/ HTTP/1.1" 200 31866 "-" "Mozilla/5.0 (Macintosh; Intel Mac OS X 10_15_7) AppleWebKit/537.36 (KHTML, like Gecko) Chrome/135.0.0.0 Safari/537.36 Edg/135.0.0.0" woosigns.com 10.38.47.211
187.214.187.241 - - [27/Aug/2026:18:14:46 -0600] "GET /current-globe-national-development-lucky-angler-online-slot-headlines/ HTTP/1.1" 200 31866 "-" "Mozilla/5.0 (Macintosh; Intel Mac OS X 10_15_7) AppleWebKit/537.36 (KHTML, like Gecko) Chrome/135.0.0.0 Safari/537.36 Edg/135.0.0.0" woosigns.com 10.38.47.211
185.187.131.172 - - [27/Aug/2026:18:14:49 -0600] "POST /web_online_store/xmlrpc.php HTTP/1.1" 406 226 "-" "Mozilla/5.0 (X11; Linux x86_64) AppleWebKit/537.36 (KHTML, like Gecko) Chrome/135.0.0.0 Safari/537.36" woosigns.com 10.38.47.211
185.187.131.172 - - [27/Aug/2026:18:14:58 -0600] "POST /web_online_store/xmlrpc.php HTTP/1.1" 406 226 "-" "Mozilla/5.0 (X11; Linux x86_64) AppleWebKit/537.36 (KHTML, like Gecko) Chrome/135.0.0.0 Safari/537.36" woosigns.com 10.38.47.211
185.187.131.172 - - [27/Aug/2026:18:15:04 -0600] "GET /web_online_store/?p=5299 HTTP/1.1" 301 1496 "-" "Mozilla/5.0 (Macintosh; Intel Mac OS X 10_15_7) AppleWebKit/537.36 (KHTML, like Gecko) obsidian/1.6.5 Chrome/124.0.6367.243 Electron/30.1.2 Safari/537.36" woosigns.com 10.38.47.211
185.187.131.172 - - [27/Aug/2026:18:15:04 -0600] "GET /web_online_store/?p=5299 HTTP/1.1" 301 1496 "-" "Mozilla/5.0 (Macintosh; Intel Mac OS X 10_15_7) AppleWebKit/537.36 (KHTML, like Gecko) obsidian/1.6.5 Chrome/124.0.6367.243 Electron/30.1.2 Safari/537.36" woosigns.com 10.38.47.211
185.187.131.172 - - [27/Aug/2026:18:15:06 -0600] "GET /mobile-harbors-gambling-casino-tesla-jolt-enterprises-2026/ HTTP/1.1" 200 31705 "-" "Mozilla/5.0 (Macintosh; Intel Mac OS X 10_15_7) AppleWebKit/537.36 (KHTML, like Gecko) obsidian/1.6.5 Chrome/124.0.6367.243 Electron/30.1.2 Safari/537.36" woosigns.com 10.38.47.211
185.187.131.172 - - [27/Aug/2026:18:15:06 -0600] "GET /mobile-harbors-gambling-casino-tesla-jolt-enterprises-2026/ HTTP/1.1" 200 31705 "-" "Mozilla/5.0 (Macintosh; Intel Mac OS X 10_15_7) AppleWebKit/537.36 (KHTML, like Gecko) obsidian/1.6.5 Chrome/124.0.6367.243 Electron/30.1.2 Safari/537.36" woosigns.com 10.38.47.211
67.20.76.220 - - [27/Aug/2026:18:16:11 -0600] "POST /web_online_store/wp-cron.php?doing_wp_cron=1787876171.8840010166168212890625 HTTP/1.1" 200 - "-" "WordPress/6.9.7; https://woosigns.com" woosigns.com 10.38.47.211
74.244.67.71 - - [27/Aug/2026:18:16:11 -0600] "POST /web_online_store/xmlrpc.php HTTP/1.1" 200 130 "-" "Mozilla/5.0 (Macintosh; Intel Mac OS X 10_15_7) AppleWebKit/537.36 (KHTML, like Gecko) Chrome/134.0.0.0 Safari/537.36" woosigns.com 10.38.47.211
74.244.67.71 - - [27/Aug/2026:18:16:14 -0600] "POST /web_online_store/xmlrpc.php HTTP/1.1" 200 6188 "-" "Mozilla/5.0 (Macintosh; Intel Mac OS X 10_15_7) AppleWebKit/537.36" woosigns.com 10.38.47.211
67.20.76.220 - - [27/Aug/2026:18:16:17 -0600] "POST /web_online_store/wp-cron.php?doing_wp_cron=1787876177.2699739933013916015625 HTTP/1.1" 200 - "-" "WordPress/6.9.7; https://woosigns.com" woosigns.com 10.38.47.211
46.139.86.64 - - [27/Aug/2026:18:16:16 -0600] "POST /web_online_store/xmlrpc.php HTTP/1.1" 200 130 "-" "Mozilla/5.0 (Macintosh; Intel Mac OS X 10_15_7) AppleWebKit/537.36 (KHTML, like Gecko) Chrome/136.0.0.0 Safari/537.36" woosigns.com 10.38.47.211
143.105.147.217 - - [27/Aug/2026:18:16:18 -0600] "GET /general-question HTTP/1.1" 301 1496 "https://woosigns.com/" "Mozilla/5.0 (Windows NT 10.0; Win64; x64) AppleWebKit/537.36 (KHTML, like Gecko) Chrome/120.0.0.0 Safari/537.36 Edg/120.0.0.0" woosigns.com 10.38.47.211
143.105.147.217 - - [27/Aug/2026:18:16:18 -0600] "GET /general-question HTTP/1.1" 301 1496 "https://woosigns.com/" "Mozilla/5.0 (Windows NT 10.0; Win64; x64) AppleWebKit/537.36 (KHTML, like Gecko) Chrome/120.0.0.0 Safari/537.36 Edg/120.0.0.0" woosigns.com 10.38.47.211
74.244.67.71 - - [27/Aug/2026:18:16:17 -0600] "GET /ulubiency-nv-casino-wszech-latek-piec-najslynniejszych-automatow-piecdziesiat-niedobor-skladow-obrotow-dragon-cofre-de-previdencia-dos-funcionarios-publicos-de-angola/ HTTP/1.1" 200 33767 "-" "Mozilla/5.0 (Macintosh; Intel Mac OS X 10.15; rv:137.0) Gecko/20100101 Firefox/137.0" woosigns.com 10.38.47.211
74.244.67.71 - - [27/Aug/2026:18:16:17 -0600] "GET /ulubiency-nv-casino-wszech-latek-piec-najslynniejszych-automatow-piecdziesiat-niedobor-skladow-obrotow-dragon-cofre-de-previdencia-dos-funcionarios-publicos-de-angola/ HTTP/1.1" 200 33767 "-" "Mozilla/5.0 (Macintosh; Intel Mac OS X 10.15; rv:137.0) Gecko/20100101 Firefox/137.0" woosigns.com 10.38.47.211
143.105.147.217 - - [27/Aug/2026:18:16:19 -0600] "GET /general-question/ HTTP/1.1" 200 28556 "https://woosigns.com/" "Mozilla/5.0 (Windows NT 10.0; Win64; x64) AppleWebKit/537.36 (KHTML, like Gecko) Chrome/120.0.0.0 Safari/537.36 Edg/120.0.0.0" woosigns.com 10.38.47.211
143.105.147.217 - - [27/Aug/2026:18:16:19 -0600] "GET /general-question/ HTTP/1.1" 200 28556 "https://woosigns.com/" "Mozilla/5.0 (Windows NT 10.0; Win64; x64) AppleWebKit/537.36 (KHTML, like Gecko) Chrome/120.0.0.0 Safari/537.36 Edg/120.0.0.0" woosigns.com 10.38.47.211
46.139.86.64 - - [27/Aug/2026:18:16:22 -0600] "POST /web_online_store/xmlrpc.php HTTP/1.1" 200 6368 "-" "Mozilla/5.0 (Windows NT 10.0; Win64; x64; rv:137.0) Gecko/20100101 Firefox/137.0" woosigns.com 10.38.47.211
46.139.86.64 - - [27/Aug/2026:18:16:27 -0600] "GET /finest-casino-harbors-the-real-deal-trada-casino-sign-up-offer-currency-2026-gamble-slot-online-game-on-the-web/ HTTP/1.1" 200 33843 "-" "Mozilla/5.0 (Windows NT 10.0; Win64; x64) AppleWebKit/537.36 (KHTML, like Gecko) Chrome/58.0.3029.110 Safari/537.3" woosigns.com 10.38.47.211
46.139.86.64 - - [27/Aug/2026:18:16:27 -0600] "GET /finest-casino-harbors-the-real-deal-trada-casino-sign-up-offer-currency-2026-gamble-slot-online-game-on-the-web/ HTTP/1.1" 200 33843 "-" "Mozilla/5.0 (Windows NT 10.0; Win64; x64) AppleWebKit/537.36 (KHTML, like Gecko) Chrome/58.0.3029.110 Safari/537.3" woosigns.com 10.38.47.211
57.141.14.112 - - [27/Aug/2026:18:16:45 -0600] "GET /wild-tornado-casino-no-deposit-extra-requirements-aloha-cluster-pays-real-money-150-totally-free-revolves/ HTTP/1.1" 200 32499 "-" "Mozilla/5.0 (Windows NT 10.0; Win64; x64) AppleWebKit/537.36 (KHTML, like Gecko) Chrome/145.0.0.0 Safari/537.36 (compatible; meta-externalagent/1.1 (+https://developers.facebook.com/docs/sharing/webmasters/crawler))" woosigns.com 10.38.47.211
57.141.14.112 - - [27/Aug/2026:18:16:45 -0600] "GET /wild-tornado-casino-no-deposit-extra-requirements-aloha-cluster-pays-real-money-150-totally-free-revolves/ HTTP/2.0" 200 32499 "-" "Mozilla/5.0 (Windows NT 10.0; Win64; x64) AppleWebKit/537.36 (KHTML, like Gecko) Chrome/145.0.0.0 Safari/537.36 (compatible; meta-externalagent/1.1 (+https://developers.facebook.com/docs/sharing/webmasters/crawler))" woosigns.com 10.38.47.211
223.181.82.40 - - [27/Aug/2026:18:16:58 -0600] "POST /web_online_store/xmlrpc.php HTTP/1.1" 406 226 "-" "Mozilla/5.0 (X11; Linux x86_64; rv:137.0) Gecko/20100101 Firefox/137.0" woosigns.com 10.38.47.211
223.181.82.40 - - [27/Aug/2026:18:17:05 -0600] "POST /web_online_store/xmlrpc.php HTTP/1.1" 406 226 "-" "Mozilla/5.0 (X11; Linux x86_64; rv:137.0) Gecko/20100101 Firefox/137.0" woosigns.com 10.38.47.211
67.20.76.220 - - [27/Aug/2026:18:18:38 -0600] "POST /web_online_store/wp-cron.php?doing_wp_cron=1787876318.6133310794830322265625 HTTP/1.1" 200 - "-" "WordPress/6.9.7; https://woosigns.com" woosigns.com 10.38.47.211
189.195.132.212 - - [27/Aug/2026:18:18:37 -0600] "POST /web_online_store/xmlrpc.php HTTP/1.1" 200 130 "-" "Mozilla/5.0 (Windows NT 10.0; Win64; x64) AppleWebKit/537.36 (KHTML, like Gecko) Chrome/145.0.0.0 Safari/537.36" woosigns.com 10.38.47.211
189.195.132.212 - - [27/Aug/2026:18:18:43 -0600] "POST /web_online_store/xmlrpc.php HTTP/1.1" 200 5667 "-" "Mozilla/5.0 (Windows NT 10.0; Win64; x64) AppleWebKit/537.36 (KHTML, like Gecko) Chrome/135.0.0.0 Safari/537.36 Edg/135.0.0.0" woosigns.com 10.38.47.211
189.195.132.212 - - [27/Aug/2026:18:18:47 -0600] "GET /best-super-hot-win-online-casinos-in-the-us-registered-local-casino-web-sites-within-the-2026/ HTTP/1.1" 200 32987 "-" "Mozilla/5.0 (Windows NT 10.0; Win64; x64) AppleWebKit/537.36 (KHTML, like Gecko) Chrome/136.0.0.0 Safari/537.36" woosigns.com 10.38.47.211
189.195.132.212 - - [27/Aug/2026:18:18:46 -0600] "GET /best-super-hot-win-online-casinos-in-the-us-registered-local-casino-web-sites-within-the-2026/ HTTP/1.1" 200 32987 "-" "Mozilla/5.0 (Windows NT 10.0; Win64; x64) AppleWebKit/537.36 (KHTML, like Gecko) Chrome/136.0.0.0 Safari/537.36" woosigns.com 10.38.47.211
172.105.76.80 - - [27/Aug/2026:18:18:59 -0600] "HEAD /new/ HTTP/2.0" 301 - "http://www.woosigns.com/new/" "Mozilla/5.0 (Linux; Android 11; moto g31) AppleWebKit/537.36 (KHTML, like Gecko) Chrome/122.0.6261.96 Mobile Safari/537.36" www.woosigns.com 10.38.47.211
172.105.76.80 - - [27/Aug/2026:18:19:00 -0600] "HEAD /new-gambling-establishment-even-offers-lower-and-you-may-higher-limit-tables-trying-to-match-student-and-experienced-users/ HTTP/2.0" 200 - "https://www.woosigns.com/new/" "Mozilla/5.0 (Linux; Android 11; moto g31) AppleWebKit/537.36 (KHTML, like Gecko) Chrome/122.0.6261.96 Mobile Safari/537.36" woosigns.com 10.38.47.211
172.105.76.80 - - [27/Aug/2026:18:19:01 -0600] "HEAD /old/ HTTP/2.0" 301 - "http://www.woosigns.com/old/" "Mozilla/5.0 (Linux; Android 14; Samsung SM-A546B) AppleWebKit/537.36 (KHTML, like Gecko) Chrome/126.0.6478.14 Mobile Safari/537.36" www.woosigns.com 10.38.47.211
172.105.76.80 - - [27/Aug/2026:18:19:01 -0600] "HEAD /old/ HTTP/2.0" 404 - "https://www.woosigns.com/old/" "Mozilla/5.0 (Linux; Android 14; Samsung SM-A546B) AppleWebKit/537.36 (KHTML, like Gecko) Chrome/126.0.6478.14 Mobile Safari/537.36" woosigns.com 10.38.47.211
172.105.76.80 - - [27/Aug/2026:18:19:02 -0600] "HEAD / HTTP/2.0" 301 - "http://www.woosigns.com/" "Mozilla/5.0 (Macintosh; Intel Mac OS X 15_0) AppleWebKit/537.36 (KHTML, like Gecko) Chrome/125.0.6422.141 Safari/537.36" www.woosigns.com 10.38.47.211
172.105.76.80 - - [27/Aug/2026:18:19:03 -0600] "HEAD / HTTP/2.0" 200 - "https://www.woosigns.com/" "Mozilla/5.0 (Macintosh; Intel Mac OS X 15_0) AppleWebKit/537.36 (KHTML, like Gecko) Chrome/125.0.6422.141 Safari/537.36" woosigns.com 10.38.47.211
172.105.76.80 - - [27/Aug/2026:18:19:04 -0600] "HEAD /wp/ HTTP/2.0" 301 - "http://www.woosigns.com/wp/" "Mozilla/5.0 (Macintosh; Intel Mac OS X 15_0) AppleWebKit/537.36 (KHTML, like Gecko) Chrome/125.0.6422.141 Safari/537.36" www.woosigns.com 10.38.47.211
172.105.76.80 - - [27/Aug/2026:18:19:04 -0600] "HEAD /wp/ HTTP/2.0" 404 - "https://www.woosigns.com/wp/" "Mozilla/5.0 (Macintosh; Intel Mac OS X 15_0) AppleWebKit/537.36 (KHTML, like Gecko) Chrome/125.0.6422.141 Safari/537.36" woosigns.com 10.38.47.211
172.105.76.80 - - [27/Aug/2026:18:19:05 -0600] "HEAD /blog/ HTTP/2.0" 301 - "http://www.woosigns.com/blog/" "Mozilla/5.0 (Linux; Android 14; Samsung SM-A546B) AppleWebKit/537.36 (KHTML, like Gecko) Chrome/126.0.6478.14 Mobile Safari/537.36" www.woosigns.com 10.38.47.211
172.105.76.80 - - [27/Aug/2026:18:19:06 -0600] "HEAD /blog/ HTTP/2.0" 404 - "https://www.woosigns.com/blog/" "Mozilla/5.0 (Linux; Android 14; Samsung SM-A546B) AppleWebKit/537.36 (KHTML, like Gecko) Chrome/126.0.6478.14 Mobile Safari/537.36" woosigns.com 10.38.47.211
172.105.76.80 - - [27/Aug/2026:18:19:06 -0600] "HEAD /backup/ HTTP/2.0" 301 - "http://www.woosigns.com/backup/" "Mozilla/5.0 (Windows NT 10.0; WOW64) AppleWebKit/537.36 (KHTML, like Gecko) Chrome/118.0.5993.90 Safari/537.36" www.woosigns.com 10.38.47.211
172.105.76.80 - - [27/Aug/2026:18:19:07 -0600] "HEAD /backup/ HTTP/2.0" 404 - "https://www.woosigns.com/backup/" "Mozilla/5.0 (Windows NT 10.0; WOW64) AppleWebKit/537.36 (KHTML, like Gecko) Chrome/118.0.5993.90 Safari/537.36" woosigns.com 10.38.47.211
172.105.76.80 - - [27/Aug/2026:18:19:08 -0600] "HEAD /wordpress/ HTTP/2.0" 301 - "http://www.woosigns.com/wordpress/" "Mozilla/5.0 (Linux; Android 13; Pixel 7a) AppleWebKit/537.36 (KHTML, like Gecko) Chrome/124.0.6367.82 Mobile Safari/537.36" www.woosigns.com 10.38.47.211
172.105.76.80 - - [27/Aug/2026:18:19:08 -0600] "HEAD /wordpress/ HTTP/2.0" 404 - "https://www.woosigns.com/wordpress/" "Mozilla/5.0 (Linux; Android 13; Pixel 7a) AppleWebKit/537.36 (KHTML, like Gecko) Chrome/124.0.6367.82 Mobile Safari/537.36" woosigns.com 10.38.47.211
190.122.119.31 - - [27/Aug/2026:18:19:50 -0600] "POST /web_online_store/xmlrpc.php HTTP/1.1" 406 226 "-" "Mozilla/5.0 (X11; Linux x86_64) AppleWebKit/537.36 (KHTML, like Gecko) Chrome/135.0.0.0 Safari/537.36" woosigns.com 10.38.47.211
190.122.119.31 - - [27/Aug/2026:18:19:59 -0600] "POST /web_online_store/xmlrpc.php HTTP/1.1" 406 226 "-" "Mozilla/5.0 (X11; Linux x86_64) AppleWebKit/537.36 (KHTML, like Gecko) Chrome/135.0.0.0 Safari/537.36" woosigns.com 10.38.47.211
57.141.14.97 - - [27/Aug/2026:18:20:16 -0600] "GET /beweegbaar-casino-buiten-storting-toeslag-betprimeiro-app-downloaden-voor-android-2026/ HTTP/1.1" 200 30816 "-" "Mozilla/5.0 (Windows NT 10.0; Win64; x64) AppleWebKit/537.36 (KHTML, like Gecko) Chrome/145.0.0.0 Safari/537.36 (compatible; meta-externalagent/1.1 (+https://developers.facebook.com/docs/sharing/webmasters/crawler))" woosigns.com 10.38.47.211
57.141.14.97 - - [27/Aug/2026:18:20:16 -0600] "GET /beweegbaar-casino-buiten-storting-toeslag-betprimeiro-app-downloaden-voor-android-2026/ HTTP/2.0" 200 30816 "-" "Mozilla/5.0 (Windows NT 10.0; Win64; x64) AppleWebKit/537.36 (KHTML, like Gecko) Chrome/145.0.0.0 Safari/537.36 (compatible; meta-externalagent/1.1 (+https://developers.facebook.com/docs/sharing/webmasters/crawler))" woosigns.com 10.38.47.211
67.20.76.220 - - [27/Aug/2026:18:20:56 -0600] "POST /web_online_store/wp-cron.php?doing_wp_cron=1787876456.5151100158691406250000 HTTP/1.1" 200 - "-" "WordPress/6.9.7; https://woosigns.com" woosigns.com 10.38.47.211
189.29.78.198 - - [27/Aug/2026:18:20:54 -0600] "POST /web_online_store/xmlrpc.php HTTP/1.1" 200 130 "-" "Mozilla/5.0 (Windows NT 10.0; Win64; x64; rv:150.0) Gecko/20100101 Firefox/150.0" woosigns.com 10.38.47.211
189.29.78.198 - - [27/Aug/2026:18:21:03 -0600] "POST /web_online_store/xmlrpc.php HTTP/1.1" 200 5871 "-" "Mozilla/5.0 (Windows NT 10.0; Win64; x64) AppleWebKit/537.36 (KHTML, like Gecko) Chrome/134.0.0.0 YaBrowser/25.4.0.0 Safari/537.36" woosigns.com 10.38.47.211
189.29.78.198 - - [27/Aug/2026:18:21:08 -0600] "GET /better-payment-web-based-casinos-united-states-of-america-login-intense-casino-2026-large-paying-gambling-enterprise-web-sites/ HTTP/1.1" 200 33347 "-" "Mozilla/5.0 (X11; Linux x86_64) AppleWebKit/537.36 (KHTML, like Gecko) Chrome/133.0.0.0 Safari/537.36" woosigns.com 10.38.47.211
189.29.78.198 - - [27/Aug/2026:18:21:08 -0600] "GET /better-payment-web-based-casinos-united-states-of-america-login-intense-casino-2026-large-paying-gambling-enterprise-web-sites/ HTTP/1.1" 200 33347 "-" "Mozilla/5.0 (X11; Linux x86_64) AppleWebKit/537.36 (KHTML, like Gecko) Chrome/133.0.0.0 Safari/537.36" woosigns.com 10.38.47.211
162.241.60.159 - - [27/Aug/2026:18:22:31 -0600] "GET /wp-login.php HTTP/2.0" 409 83 "-" "Mozilla/5.0 (Windows NT 10.0; Win64; x64) AppleWebKit/537.36 (KHTML, like Gecko) Chrome/151.0.0.0 Safari/537.36" woosigns.com 10.38.47.211
67.20.76.220 - - [27/Aug/2026:18:22:33 -0600] "POST /web_online_store/wp-cron.php?doing_wp_cron=1787876553.0094769001007080078125 HTTP/1.1" 200 - "-" "WordPress/6.9.7; https://woosigns.com" woosigns.com 10.38.47.211
5.45.140.62 - - [27/Aug/2026:18:22:32 -0600] "POST /web_online_store/xmlrpc.php HTTP/1.1" 200 130 "-" "Mozilla/5.0 (Macintosh; Intel Mac OS X 10_15_7) AppleWebKit/537.36 (KHTML, like Gecko) Chrome/135.0.0.0 Safari/537.36" woosigns.com 10.38.47.211
5.45.140.62 - - [27/Aug/2026:18:22:37 -0600] "POST /web_online_store/xmlrpc.php HTTP/1.1" 200 5462 "-" "Mozilla/5.0 (Macintosh; Intel Mac OS X 10_15_7) AppleWebKit/537.36" woosigns.com 10.38.47.211
5.45.140.62 - - [27/Aug/2026:18:22:46 -0600] "GET /the-brand-new-expressed-change-shows-the-rise-otherwise-decrease-in-interest-in-the-game-versus-prior-week-the-data-try-current-a-week-getting-fashion-and-you-will-character-into-casino-virtual-slot/ HTTP/1.1" 200 34632 "-" "Mozilla/5.0 (Windows NT 10.0; Win64; x64) AppleWebKit/537.36 (KHTML, like Gecko) Chrome/147.0.0.0 Safari/537.36 OPR/131.0.0.0" woosigns.com 10.38.47.211
5.45.140.62 - - [27/Aug/2026:18:22:46 -0600] "GET /the-brand-new-expressed-change-shows-the-rise-otherwise-decrease-in-interest-in-the-game-versus-prior-week-the-data-try-current-a-week-getting-fashion-and-you-will-character-into-casino-virtual-slot/ HTTP/1.1" 200 34632 "-" "Mozilla/5.0 (Windows NT 10.0; Win64; x64) AppleWebKit/537.36 (KHTML, like Gecko) Chrome/147.0.0.0 Safari/537.36 OPR/131.0.0.0" woosigns.com 10.38.47.211
67.20.76.220 - - [27/Aug/2026:18:23:10 -0600] "POST /web_online_store/wp-cron.php?doing_wp_cron=1787876590.0511329174041748046875 HTTP/1.1" 200 - "-" "WordPress/6.9.7; https://woosigns.com" woosigns.com 10.38.47.211
188.229.33.83 - - [27/Aug/2026:18:23:04 -0600] "POST /web_online_store/xmlrpc.php HTTP/1.1" 200 130 "-" "Mozilla/5.0 (Windows NT 10.0; Win64; x64; rv:138.0) Gecko/20100101 Firefox/138.0" woosigns.com 10.38.47.211
5.45.140.62 - - [27/Aug/2026:18:23:11 -0600] "POST /web_online_store/xmlrpc.php HTTP/1.1" 200 128 "-" "Mozilla/5.0 (Macintosh; Intel Mac OS X 10_15_7) AppleWebKit/537.36 (KHTML, like Gecko) obsidian/1.8.9 Chrome/132.0.6834.210 Electron/34.3.0 Safari/537.36" woosigns.com 10.38.47.211
188.229.33.83 - - [27/Aug/2026:18:23:18 -0600] "POST /web_online_store/xmlrpc.php HTTP/1.1" 200 4566 "-" "Mozilla/5.0 (Windows NT 10.0; Win64; x64) AppleWebKit/537.36 (KHTML, like Gecko) obsidian/1.6.5 Chrome/124.0.6367.243 Electron/30.1.2 Safari/537.36" woosigns.com 10.38.47.211
188.229.33.83 - - [27/Aug/2026:18:23:24 -0600] "GET /real-money-web-based-casinos-southern-area-africa-promo-codes-for-cobber-casino-slots-2026/ HTTP/1.1" 200 31702 "-" "Mozilla/5.0 (Macintosh; Intel Mac OS X 10_15_7) AppleWebKit/537.36 (KHTML, like Gecko) Chrome/136.0.0.0 Safari/537.36 Edg/136.0.0.0" woosigns.com 10.38.47.211
188.229.33.83 - - [27/Aug/2026:18:23:24 -0600] "GET /real-money-web-based-casinos-southern-area-africa-promo-codes-for-cobber-casino-slots-2026/ HTTP/1.1" 200 31702 "-" "Mozilla/5.0 (Macintosh; Intel Mac OS X 10_15_7) AppleWebKit/537.36 (KHTML, like Gecko) Chrome/136.0.0.0 Safari/537.36 Edg/136.0.0.0" woosigns.com 10.38.47.211
52.12.208.133 - - [27/Aug/2026:18:24:29 -0600] "GET /robots.txt HTTP/1.1" 200 1600 "-" "SeltzSitemapFetcher/1.0" woosigns.com 10.38.47.211
52.12.208.133 - - [27/Aug/2026:18:24:29 -0600] "GET /robots.txt HTTP/1.1" 200 1600 "-" "SeltzSitemapFetcher/1.0" woosigns.com 10.38.47.211
52.12.208.133 - - [27/Aug/2026:18:24:29 -0600] "GET /wp-sitemap.xml HTTP/1.1" 404 31222 "-" "SeltzSitemapFetcher/1.0" woosigns.com 10.38.47.211
52.12.208.133 - - [27/Aug/2026:18:24:29 -0600] "GET /wp-sitemap.xml HTTP/1.1" 404 31222 "-" "SeltzSitemapFetcher/1.0" woosigns.com 10.38.47.211
51.89.83.144 - - [27/Aug/2026:18:24:44 -0600] "GET /?wmo_hc=k7Hx9mQp2wRt HTTP/1.1" 200 84017 "-" "Mozilla/5.0 (Macintosh; Intel Mac OS X 10_15_7) AppleWebKit/537.36 (KHTML, like Gecko) Chrome/148.0.0.0 Safari/537.36" woosigns.com 10.38.47.211
51.89.83.144 - - [27/Aug/2026:18:24:44 -0600] "GET /?wmo_hc=k7Hx9mQp2wRt HTTP/2.0" 200 84017 "-" "Mozilla/5.0 (Macintosh; Intel Mac OS X 10_15_7) AppleWebKit/537.36 (KHTML, like Gecko) Chrome/148.0.0.0 Safari/537.36" woosigns.com 10.38.47.211
51.89.83.144 - - [27/Aug/2026:18:24:51 -0600] "GET /wp-content/plugins/cidaas-pro-master/composer.json HTTP/2.0" 404 90999 "-" "Mozilla/5.0 (Windows NT 10.0; Win64; x64; rv:150.0) Gecko/20100101 Firefox/150.0" woosigns.com 10.38.47.211
51.89.83.144 - - [27/Aug/2026:18:24:54 -0600] "GET /?c HTTP/1.1" 200 84017 "-" "Mozilla/5.0 (Macintosh; Intel Mac OS X 10_15_7) AppleWebKit/537.36 (KHTML, like Gecko) Chrome/146.0.0.0 Safari/537.36" woosigns.com 10.38.47.211
51.89.83.144 - - [27/Aug/2026:18:24:54 -0600] "GET /?c HTTP/2.0" 200 84017 "-" "Mozilla/5.0 (Macintosh; Intel Mac OS X 10_15_7) AppleWebKit/537.36 (KHTML, like Gecko) Chrome/146.0.0.0 Safari/537.36" woosigns.com 10.38.47.211
185.242.3.173 - - [27/Aug/2026:18:28:28 -0600] "GET /wp-content/themes/seotheme/db.php?u HTTP/1.1" 409 83 "www.google.com" "Mozlila/5.0 (Linux; Android 7.0; SM-G892A Bulid/NRD90M; wv) AppleWebKit/537.36 (KHTML, like Gecko) Version/4.0 Chrome/60.0.3112.107 Moblie Safari/537.36" woosigns.com 10.38.47.211
185.242.3.173 - - [27/Aug/2026:18:28:29 -0600] "POST /wp-plain.php HTTP/1.1" 409 83 "www.google.com" "Mozilla/5.0 (Linux; Android 7.0; SM-G892A Bulid/NRD90M; wv) AppleWebKit/537.36 (KHTML, like Gecko) Version/4.0 Chrome/60.0.3112.107 Moblie Safari/537.36" woosigns.com 10.38.47.211
185.242.3.173 - - [27/Aug/2026:18:28:28 -0600] "GET / HTTP/1.1" 200 84599 "-" "Mozlila/5.0 (Linux; Android 7.0; SM-G892A Bulid/NRD90M; wv) AppleWebKit/537.36 (KHTML, like Gecko) Version/4.0 Chrome/60.0.3112.107 Moblie Safari/537.36" woosigns.com 10.38.47.211
185.242.3.173 - - [27/Aug/2026:18:28:28 -0600] "GET / HTTP/1.1" 200 84599 "-" "Mozlila/5.0 (Linux; Android 7.0; SM-G892A Bulid/NRD90M; wv) AppleWebKit/537.36 (KHTML, like Gecko) Version/4.0 Chrome/60.0.3112.107 Moblie Safari/537.36" woosigns.com 10.38.47.211
185.242.3.173 - - [27/Aug/2026:18:28:28 -0600] "POST /ALFA_DATA/alfacgiapi/perl.alfa HTTP/1.1" 404 90719 "www.google.com" "Mozlila/5.0 (Linux; Android 7.0; SM-G892A Bulid/NRD90M; wv) AppleWebKit/537.36 (KHTML, like Gecko) Version/4.0 Chrome/60.0.3112.107 Moblie Safari/537.36" woosigns.com 10.38.47.211
185.242.3.173 - - [27/Aug/2026:18:28:29 -0600] "GET /rktrtajq.php?Fox=d3wL7 HTTP/1.1" 409 83 "www.google.com" "Mozilla/5.0 (Linux; Android 7.0; SM-G892A Bulid/NRD90M; wv) AppleWebKit/537.36 (KHTML, like Gecko) Version/4.0 Chrome/60.0.3112.107 Moblie Safari/537.36" woosigns.com 10.38.47.211
185.242.3.173 - - [27/Aug/2026:18:28:30 -0600] "GET /wp-content/plugins/apikey/apikey.php?test=hello HTTP/1.1" 409 83 "-" "Mozlila/5.0 (Linux; Android 7.0; SM-G892A Bulid/NRD90M; wv) AppleWebKit/537.36 (KHTML, like Gecko) Version/4.0 Chrome/60.0.3112.107 Moblie Safari/537.36" woosigns.com 10.38.47.211
185.242.3.173 - - [27/Aug/2026:18:28:30 -0600] "POST /alfacgiapi/perl.alfa HTTP/1.1" 404 73443 "www.google.com" "Mozlila/5.0 (Linux; Android 7.0; SM-G892A Bulid/NRD90M; wv) AppleWebKit/537.36 (KHTML, like Gecko) Version/4.0 Chrome/60.0.3112.107 Moblie Safari/537.36" woosigns.com 10.38.47.211
185.242.3.173 - - [27/Aug/2026:18:28:30 -0600] "GET /plugins/content/apismtp/apismtp.php?test=hello HTTP/1.1" 409 83 "-" "Mozlila/5.0 (Linux; Android 7.0; SM-G892A Bulid/NRD90M; wv) AppleWebKit/537.36 (KHTML, like Gecko) Version/4.0 Chrome/60.0.3112.107 Moblie Safari/537.36" woosigns.com 10.38.47.211
185.242.3.173 - - [27/Aug/2026:18:28:31 -0600] "GET /wp-content/plugins/apikey/apikey.php.suspected?test=hello HTTP/1.1" 409 83 "-" "Mozlila/5.0 (Linux; Android 7.0; SM-G892A Bulid/NRD90M; wv) AppleWebKit/537.36 (KHTML, like Gecko) Version/4.0 Chrome/60.0.3112.107 Moblie Safari/537.36" woosigns.com 10.38.47.211
185.242.3.173 - - [27/Aug/2026:18:28:32 -0600] "GET /plugins/content/apismtp/apismtp.php.suspected?test=hello HTTP/1.1" 409 83 "-" "Mozlila/5.0 (Linux; Android 7.0; SM-G892A Bulid/NRD90M; wv) AppleWebKit/537.36 (KHTML, like Gecko) Version/4.0 Chrome/60.0.3112.107 Moblie Safari/537.36" woosigns.com 10.38.47.211
67.20.76.220 - - [27/Aug/2026:18:29:24 -0600] "POST /web_online_store/wp-cron.php?doing_wp_cron=1787876964.4652218818664550781250 HTTP/1.1" 200 - "-" "WordPress/6.9.7; https://woosigns.com" woosigns.com 10.38.47.211
104.28.242.152 - - [27/Aug/2026:18:29:23 -0600] "POST /web_online_store/xmlrpc.php HTTP/1.1" 200 130 "-" "Mozilla/5.0 (Windows NT 10.0; Win64; x64) AppleWebKit/537.36 (KHTML, like Gecko) Chrome/131.0.0.0 Safari/537.36" woosigns.com 10.38.47.211
104.28.242.152 - - [27/Aug/2026:18:29:29 -0600] "POST /web_online_store/xmlrpc.php HTTP/1.1" 200 7214 "-" "Mozilla/5.0 (Windows NT 10.0; Win64; x64) AppleWebKit/537.36 (KHTML, like Gecko) Chrome/135.0.0.0 Safari/537.36 Edg/135.0.0.0" woosigns.com 10.38.47.211
104.28.242.152 - - [27/Aug/2026:18:29:33 -0600] "GET /greatest-the-fresh-web-based-casinos-us-2026-the-mr-bet-apk-download-2026-newest-local-casino-websites/ HTTP/1.1" 200 34651 "-" "Mozilla/5.0 (Windows NT 10.0; Win64; x64) AppleWebKit/537.36 (KHTML, like Gecko) obsidian/1.6.5 Chrome/124.0.6367.243 Electron/30.1.2 Safari/537.36" woosigns.com 10.38.47.211
104.28.242.152 - - [27/Aug/2026:18:29:33 -0600] "GET /greatest-the-fresh-web-based-casinos-us-2026-the-mr-bet-apk-download-2026-newest-local-casino-websites/ HTTP/1.1" 200 34651 "-" "Mozilla/5.0 (Windows NT 10.0; Win64; x64) AppleWebKit/537.36 (KHTML, like Gecko) obsidian/1.6.5 Chrome/124.0.6367.243 Electron/30.1.2 Safari/537.36" woosigns.com 10.38.47.211
181.191.6.42 - - [27/Aug/2026:18:30:04 -0600] "POST /web_online_store/xmlrpc.php HTTP/1.1" 406 226 "-" "Mozilla/5.0 (X11; Linux x86_64) AppleWebKit/537.36 (KHTML, like Gecko) Chrome/133.0.0.0 Safari/537.36" woosigns.com 10.38.47.211
181.191.6.42 - - [27/Aug/2026:18:30:15 -0600] "POST /web_online_store/xmlrpc.php HTTP/1.1" 406 226 "-" "Mozilla/5.0 (X11; Linux x86_64) AppleWebKit/537.36 (KHTML, like Gecko) Chrome/133.0.0.0 Safari/537.36" woosigns.com 10.38.47.211
178.20.45.159 - - [27/Aug/2026:18:31:02 -0600] "GET /404-2/ HTTP/1.1" 200 91548 "https://woosigns.com/404-2/" "Mozilla/5.0 (Windows NT 10.0; Win64; x64) AppleWebKit/537.36 (KHTML, like Gecko) Chrome/130.0.0.0 Safari/537.36 CCleaner/130.0.0.0" woosigns.com 10.38.47.211
178.20.45.159 - - [27/Aug/2026:18:31:02 -0600] "GET /404-2/ HTTP/1.0" 200 91548 "https://woosigns.com/404-2/" "Mozilla/5.0 (Windows NT 10.0; Win64; x64) AppleWebKit/537.36 (KHTML, like Gecko) Chrome/130.0.0.0 Safari/537.36 CCleaner/130.0.0.0" woosigns.com 10.38.47.211
178.20.45.159 - - [27/Aug/2026:18:31:03 -0600] "GET /category/signs-by-industry/signs-for-commercial-or-office-buildings/ HTTP/1.1" 200 97838 "https://woosigns.com/category/signs-by-industry/signs-for-commercial-or-office-buildings/" "Mozilla/5.0 (Windows NT 10.0; Win64; x64) AppleWebKit/537.36 (KHTML, like Gecko) Chrome/130.0.0.0 Safari/537.36 CCleaner/130.0.0.0" woosigns.com 10.38.47.211
178.20.45.159 - - [27/Aug/2026:18:31:03 -0600] "GET /category/signs-by-industry/signs-for-commercial-or-office-buildings/ HTTP/1.0" 200 97838 "https://woosigns.com/category/signs-by-industry/signs-for-commercial-or-office-buildings/" "Mozilla/5.0 (Windows NT 10.0; Win64; x64) AppleWebKit/537.36 (KHTML, like Gecko) Chrome/130.0.0.0 Safari/537.36 CCleaner/130.0.0.0" woosigns.com 10.38.47.211
57.141.14.109 - - [27/Aug/2026:18:31:22 -0600] "GET /there-are-numerous-earliest-classification-other-sites-available-if-you-live-in-britain/ HTTP/1.1" 200 31158 "-" "Mozilla/5.0 (Windows NT 10.0; Win64; x64) AppleWebKit/537.36 (KHTML, like Gecko) Chrome/145.0.0.0 Safari/537.36 (compatible; meta-externalagent/1.1 (+https://developers.facebook.com/docs/sharing/webmasters/crawler))" woosigns.com 10.38.47.211
57.141.14.109 - - [27/Aug/2026:18:31:22 -0600] "GET /there-are-numerous-earliest-classification-other-sites-available-if-you-live-in-britain/ HTTP/2.0" 200 31158 "-" "Mozilla/5.0 (Windows NT 10.0; Win64; x64) AppleWebKit/537.36 (KHTML, like Gecko) Chrome/145.0.0.0 Safari/537.36 (compatible; meta-externalagent/1.1 (+https://developers.facebook.com/docs/sharing/webmasters/crawler))" woosigns.com 10.38.47.211
67.20.76.220 - - [27/Aug/2026:18:31:48 -0600] "POST /web_online_store/wp-cron.php?doing_wp_cron=1787877108.5605499744415283203125 HTTP/1.1" 200 - "-" "WordPress/6.9.7; https://woosigns.com" woosigns.com 10.38.47.211
91.223.70.164 - - [27/Aug/2026:18:31:47 -0600] "POST /web_online_store/xmlrpc.php HTTP/1.1" 200 130 "-" "Mozilla/5.0 (Windows NT 10.0; Win64; x64) AppleWebKit/537.36 (KHTML, like Gecko) Chrome/133.0.0.0 Safari/537.36 OPR/118.0.0.0" woosigns.com 10.38.47.211
91.223.70.164 - - [27/Aug/2026:18:31:52 -0600] "POST /web_online_store/xmlrpc.php HTTP/1.1" 200 5009 "-" "Mozilla/5.0 (Macintosh; Intel Mac OS X 10_15_7) AppleWebKit/537.36" woosigns.com 10.38.47.211
91.223.70.164 - - [27/Aug/2026:18:31:56 -0600] "GET /totally-free-revolves-no-deposit-bonuses-play-bananas-go-bahamas-newest-offers-august-2026/ HTTP/1.1" 200 32196 "-" "Mozilla/5.0 (Macintosh; Intel Mac OS X 10_15_7) AppleWebKit/537.36 (KHTML, like Gecko) Chrome/145.0.0.0 Safari/537.36 OPR/129.0.0.0" woosigns.com 10.38.47.211
91.223.70.164 - - [27/Aug/2026:18:31:56 -0600] "GET /totally-free-revolves-no-deposit-bonuses-play-bananas-go-bahamas-newest-offers-august-2026/ HTTP/1.1" 200 32196 "-" "Mozilla/5.0 (Macintosh; Intel Mac OS X 10_15_7) AppleWebKit/537.36 (KHTML, like Gecko) Chrome/145.0.0.0 Safari/537.36 OPR/129.0.0.0" woosigns.com 10.38.47.211
91.223.70.164 - - [27/Aug/2026:18:32:10 -0600] "POST /web_online_store/xmlrpc.php HTTP/1.1" 200 128 "-" "Mozilla/5.0 (Windows NT 10.0; Win64; x64) AppleWebKit/537.36 (KHTML, like Gecko) Chrome/147.0.0.0 Safari/537.36 OPR/131.0.0.0" woosigns.com 10.38.47.211
20.237.251.56 - - [27/Aug/2026:18:33:40 -0600] "GET /wp-login.php HTTP/2.0" 409 83 "-" "Mozilla/5.0 (Windows NT 10.0; Win64; x64) AppleWebKit/537.36 (KHTML, like Gecko) Chrome/151.0.0.0 Safari/537.36" woosigns.com 10.38.47.211
20.237.251.56 - - [27/Aug/2026:18:33:40 -0600] "POST /wp-login.php HTTP/2.0" 409 83 "https://woosigns.com/wp-login.php" "Mozilla/5.0 (Windows NT 10.0; Win64; x64) AppleWebKit/537.36 (KHTML, like Gecko) Chrome/151.0.0.0 Safari/537.36" woosigns.com 10.38.47.211
43.250.140.21 - - [27/Aug/2026:18:35:14 -0600] "GET /wp-login.php HTTP/2.0" 409 83 "-" "Mozilla/5.0 (Windows NT 10.0; Win64; x64) AppleWebKit/537.36 (KHTML, like Gecko) Chrome/151.0.0.0 Safari/537.36" woosigns.com 10.38.47.211
67.20.76.220 - - [27/Aug/2026:18:35:37 -0600] "POST /web_online_store/wp-cron.php?doing_wp_cron=1787877337.6646759510040283203125 HTTP/1.1" 200 - "-" "WordPress/6.9.7; https://woosigns.com" woosigns.com 10.38.47.211
46.150.78.194 - - [27/Aug/2026:18:35:36 -0600] "POST /web_online_store/xmlrpc.php HTTP/1.1" 200 130 "-" "Mozilla/5.0 (Macintosh; Intel Mac OS X 10_15_7) AppleWebKit/605.1.15 (KHTML, like Gecko) Version/26.4 Safari/605.1.15" woosigns.com 10.38.47.211
46.150.78.194 - - [27/Aug/2026:18:35:44 -0600] "POST /web_online_store/xmlrpc.php HTTP/1.1" 200 5661 "-" "Mozilla/5.0 (Macintosh; Intel Mac OS X 10_15_7) AppleWebKit/605.1.15 (KHTML, like Gecko) Version/26.4 Safari/605.1.15" woosigns.com 10.38.47.211
46.150.78.194 - - [27/Aug/2026:18:35:48 -0600] "GET /free-online-mrbet-india-10-euro-games/ HTTP/1.1" 200 32716 "-" "Mozilla/5.0 (Macintosh; Intel Mac OS X 10_15_7) AppleWebKit/537.36" woosigns.com 10.38.47.211
46.150.78.194 - - [27/Aug/2026:18:35:48 -0600] "GET /free-online-mrbet-india-10-euro-games/ HTTP/1.1" 200 32716 "-" "Mozilla/5.0 (Macintosh; Intel Mac OS X 10_15_7) AppleWebKit/537.36" woosigns.com 10.38.47.211
195.2.79.165 - - [27/Aug/2026:18:36:17 -0600] "GET /general-question/ HTTP/1.1" 200 76581 "https://woosigns.com/general-question/" "Mozilla/5.0 (Windows NT 10.0; Win64; x64) AppleWebKit/537.36 (KHTML, like Gecko) Chrome/130.0.0.0 Safari/537.36" woosigns.com 10.38.47.211
195.2.79.165 - - [27/Aug/2026:18:36:17 -0600] "GET /general-question/ HTTP/1.0" 200 76581 "https://woosigns.com/general-question/" "Mozilla/5.0 (Windows NT 10.0; Win64; x64) AppleWebKit/537.36 (KHTML, like Gecko) Chrome/130.0.0.0 Safari/537.36" woosigns.com 10.38.47.211
195.2.79.165 - - [27/Aug/2026:18:36:19 -0600] "POST /general-question/ HTTP/1.0" 200 2499 "https://woosigns.com/general-question/" "Mozilla/5.0 (Windows NT 10.0; Win64; x64) AppleWebKit/537.36 (KHTML, like Gecko) Chrome/130.0.0.0 Safari/537.36" woosigns.com 10.38.47.211
221.150.209.2 - - [27/Aug/2026:18:37:12 -0600] "POST /web_online_store/xmlrpc.php HTTP/1.1" 406 226 "-" "Mozilla/5.0 (X11; Linux x86_64) AppleWebKit/537.36 (KHTML, like Gecko) Chrome/135.0.0.0 Safari/537.36" woosigns.com 10.38.47.211
221.150.209.2 - - [27/Aug/2026:18:37:25 -0600] "POST /web_online_store/xmlrpc.php HTTP/1.1" 406 226 "-" "Mozilla/5.0 (X11; Linux x86_64) AppleWebKit/537.36 (KHTML, like Gecko) Chrome/135.0.0.0 Safari/537.36" woosigns.com 10.38.47.211
67.20.76.220 - - [27/Aug/2026:18:37:31 -0600] "POST /web_online_store/wp-cron.php?doing_wp_cron=1787877451.8740460872650146484375 HTTP/1.1" 200 - "-" "WordPress/6.9.7; https://woosigns.com" woosigns.com 10.38.47.211
