117.247.59.157 - - [27/Aug/2026:18:37:30 -0600] "POST /web_online_store/xmlrpc.php HTTP/1.1" 200 130 "-" "Mozilla/5.0 (Windows NT 10.0; Win64; x64; rv:136.0) Gecko/20100101 Firefox/136.0" woosigns.com 10.38.47.211
117.247.59.157 - - [27/Aug/2026:18:37:37 -0600] "POST /web_online_store/xmlrpc.php HTTP/1.1" 200 6612 "-" "Mozilla/5.0 (Macintosh; Intel Mac OS X 10_15_7) AppleWebKit/537.36 (KHTML, like Gecko) Chrome/134.0.0.0 Safari/537.36" woosigns.com 10.38.47.211
57.141.14.22 - - [27/Aug/2026:18:37:37 -0600] "GET /fat-santa-sobre-push-gaming-funciona-gratuito-en-internet-tragamonedas-sin-ruby-fortune-casino-en-linea-bono-sin-deposito-asignacion/ HTTP/1.1" 200 33786 "-" "Mozilla/5.0 (Macintosh; Intel Mac OS X 10_15_7) AppleWebKit/537.36 (KHTML, like Gecko) Chrome/145.0.0.0 Safari/537.36 (compatible; meta-externalagent/1.1 (+https://developers.facebook.com/docs/sharing/webmasters/crawler))" woosigns.com 10.38.47.211
57.141.14.22 - - [27/Aug/2026:18:37:37 -0600] "GET /fat-santa-sobre-push-gaming-funciona-gratuito-en-internet-tragamonedas-sin-ruby-fortune-casino-en-linea-bono-sin-deposito-asignacion/ HTTP/2.0" 200 33786 "-" "Mozilla/5.0 (Macintosh; Intel Mac OS X 10_15_7) AppleWebKit/537.36 (KHTML, like Gecko) Chrome/145.0.0.0 Safari/537.36 (compatible; meta-externalagent/1.1 (+https://developers.facebook.com/docs/sharing/webmasters/crawler))" woosigns.com 10.38.47.211
117.247.59.157 - - [27/Aug/2026:18:37:40 -0600] "GET /publication-of-slots-n-play-bet-ra-trial-play-tips-routine-free-prior-to-betting/ HTTP/1.1" 200 33824 "-" "Mozilla/5.0 (Macintosh; Intel Mac OS X 10_15_7) AppleWebKit/537.36 (KHTML, like Gecko) Chrome/128.0.0.0 Safari/537.36" woosigns.com 10.38.47.211
117.247.59.157 - - [27/Aug/2026:18:37:40 -0600] "GET /publication-of-slots-n-play-bet-ra-trial-play-tips-routine-free-prior-to-betting/ HTTP/1.1" 200 33824 "-" "Mozilla/5.0 (Macintosh; Intel Mac OS X 10_15_7) AppleWebKit/537.36 (KHTML, like Gecko) Chrome/128.0.0.0 Safari/537.36" woosigns.com 10.38.47.211
67.20.76.220 - - [27/Aug/2026:18:39:19 -0600] "POST /web_online_store/wp-cron.php?doing_wp_cron=1787877559.7482230663299560546875 HTTP/1.1" 200 - "-" "WordPress/6.9.7; https://woosigns.com" woosigns.com 10.38.47.211
177.39.104.164 - - [27/Aug/2026:18:39:18 -0600] "POST /web_online_store/xmlrpc.php HTTP/1.1" 200 130 "-" "Mozilla/5.0 (Macintosh; Intel Mac OS X 10.15; rv:138.0) Gecko/20100101 Firefox/138.0" woosigns.com 10.38.47.211
177.39.104.164 - - [27/Aug/2026:18:39:25 -0600] "POST /web_online_store/xmlrpc.php HTTP/1.1" 406 226 "-" "Mozilla/5.0 (X11; Linux x86_64) AppleWebKit/537.36 (KHTML, like Gecko) Chrome/130.0.0.0 Safari/537.36" woosigns.com 10.38.47.211
69.6.213.66 - - [27/Aug/2026:18:39:34 -0600] "GET /wp-login.php HTTP/2.0" 409 83 "-" "Mozilla/5.0 (Windows NT 10.0; Win64; x64) AppleWebKit/537.36 (KHTML, like Gecko) Chrome/151.0.0.0 Safari/537.36" woosigns.com 10.38.47.211
177.39.104.164 - - [27/Aug/2026:18:39:35 -0600] "POST /web_online_store/xmlrpc.php HTTP/1.1" 406 226 "-" "Mozilla/5.0 (X11; Linux x86_64) AppleWebKit/537.36 (KHTML, like Gecko) Chrome/130.0.0.0 Safari/537.36" woosigns.com 10.38.47.211
177.39.104.164 - - [27/Aug/2026:18:39:43 -0600] "POST /web_online_store/xmlrpc.php HTTP/1.1" 406 226 "-" "Mozilla/5.0 (X11; Linux x86_64) AppleWebKit/537.36 (KHTML, like Gecko) Chrome/134.0.0.0 Safari/537.36" woosigns.com 10.38.47.211
177.39.104.164 - - [27/Aug/2026:18:39:52 -0600] "POST /web_online_store/xmlrpc.php HTTP/1.1" 406 226 "-" "Mozilla/5.0 (X11; Linux x86_64) AppleWebKit/537.36 (KHTML, like Gecko) Chrome/134.0.0.0 Safari/537.36" woosigns.com 10.38.47.211
177.39.104.164 - - [27/Aug/2026:18:39:56 -0600] "GET /web_online_store/?p=5321 HTTP/1.1" 301 1496 "-" "Mozilla/5.0 (X11; Linux x86_64) AppleWebKit/537.36 Chrome/124.0" woosigns.com 10.38.47.211
177.39.104.164 - - [27/Aug/2026:18:39:56 -0600] "GET /web_online_store/?p=5321 HTTP/1.1" 301 1496 "-" "Mozilla/5.0 (X11; Linux x86_64) AppleWebKit/537.36 Chrome/124.0" woosigns.com 10.38.47.211
177.39.104.164 - - [27/Aug/2026:18:39:57 -0600] "GET /greatest-mr-bet-casino-withdrawal-limit-online-slots-games-the-real-deal-money-in-2026-ten-better-gambling-establishment-websites/ HTTP/1.1" 200 31945 "-" "Mozilla/5.0 (X11; Linux x86_64) AppleWebKit/537.36 Chrome/124.0" woosigns.com 10.38.47.211
177.39.104.164 - - [27/Aug/2026:18:39:57 -0600] "GET /greatest-mr-bet-casino-withdrawal-limit-online-slots-games-the-real-deal-money-in-2026-ten-better-gambling-establishment-websites/ HTTP/1.1" 200 31945 "-" "Mozilla/5.0 (X11; Linux x86_64) AppleWebKit/537.36 Chrome/124.0" woosigns.com 10.38.47.211
57.141.14.32 - - [27/Aug/2026:18:41:24 -0600] "GET /low-minimum-deposit-casinos-casino-highway-kings-pro-1-5-put-local-casino-websites/ HTTP/1.1" 200 31636 "-" "Mozilla/5.0 (Macintosh; Intel Mac OS X 10_15_7) AppleWebKit/537.36 (KHTML, like Gecko) Chrome/145.0.0.0 Safari/537.36 (compatible; meta-externalagent/1.1 (+https://developers.facebook.com/docs/sharing/webmasters/crawler))" woosigns.com 10.38.47.211
57.141.14.32 - - [27/Aug/2026:18:41:24 -0600] "GET /low-minimum-deposit-casinos-casino-highway-kings-pro-1-5-put-local-casino-websites/ HTTP/2.0" 200 31636 "-" "Mozilla/5.0 (Macintosh; Intel Mac OS X 10_15_7) AppleWebKit/537.36 (KHTML, like Gecko) Chrome/145.0.0.0 Safari/537.36 (compatible; meta-externalagent/1.1 (+https://developers.facebook.com/docs/sharing/webmasters/crawler))" woosigns.com 10.38.47.211
41.82.144.27 - - [27/Aug/2026:18:43:15 -0600] "POST /web_online_store/xmlrpc.php HTTP/1.1" 406 226 "-" "Mozilla/5.0 (X11; Linux x86_64) AppleWebKit/537.36 Chrome/124.0" woosigns.com 10.38.47.211
67.20.76.220 - - [27/Aug/2026:18:43:17 -0600] "POST /web_online_store/wp-cron.php?doing_wp_cron=1787877797.5072350502014160156250 HTTP/1.1" 200 - "-" "WordPress/6.9.7; https://woosigns.com" woosigns.com 10.38.47.211
193.108.241.98 - - [27/Aug/2026:18:43:16 -0600] "POST /web_online_store/xmlrpc.php HTTP/1.1" 200 130 "-" "Mozilla/5.0 (Macintosh; Intel Mac OS X 10_15_7) AppleWebKit/605.1.15 (KHTML, like Gecko) Version/18.1 Safari/605.1.15" woosigns.com 10.38.47.211
193.108.241.98 - - [27/Aug/2026:18:43:20 -0600] "POST /web_online_store/xmlrpc.php HTTP/1.1" 200 4023 "-" "Mozilla/5.0 (Macintosh; Intel Mac OS X 10_15_7) AppleWebKit/537.36 (KHTML, like Gecko) Chrome/135.0.0.0 Safari/537.36" woosigns.com 10.38.47.211
193.108.241.98 - - [27/Aug/2026:18:43:22 -0600] "GET /greatest-cent-slots-casino-jurassic-world-to-try-out-online-2026-complete-ratings/ HTTP/1.1" 200 31027 "-" "Mozilla/5.0 (Windows NT 10.0; Win64; x64) AppleWebKit/537.36 (KHTML, like Gecko) Chrome/135.0.0.0 Safari/537.36" woosigns.com 10.38.47.211
193.108.241.98 - - [27/Aug/2026:18:43:22 -0600] "GET /greatest-cent-slots-casino-jurassic-world-to-try-out-online-2026-complete-ratings/ HTTP/1.1" 200 31027 "-" "Mozilla/5.0 (Windows NT 10.0; Win64; x64) AppleWebKit/537.36 (KHTML, like Gecko) Chrome/135.0.0.0 Safari/537.36" woosigns.com 10.38.47.211
41.82.144.27 - - [27/Aug/2026:18:43:25 -0600] "POST /web_online_store/xmlrpc.php HTTP/1.1" 406 226 "-" "Mozilla/5.0 (X11; Linux x86_64) AppleWebKit/537.36 Chrome/124.0" woosigns.com 10.38.47.211
67.20.76.220 - - [27/Aug/2026:18:45:21 -0600] "POST /web_online_store/wp-cron.php?doing_wp_cron=1787877921.8858590126037597656250 HTTP/1.1" 200 - "-" "WordPress/6.9.7; https://woosigns.com" woosigns.com 10.38.47.211
165.165.122.26 - - [27/Aug/2026:18:45:19 -0600] "POST /web_online_store/xmlrpc.php HTTP/1.1" 200 130 "-" "Mozilla/5.0 (Windows NT 10.0; Win64; x64) AppleWebKit/537.36 (KHTML, like Gecko) Chrome/133.0.0.0 Safari/537.36 OPR/118.0.0.0" woosigns.com 10.38.47.211
165.165.122.26 - - [27/Aug/2026:18:45:26 -0600] "POST /web_online_store/xmlrpc.php HTTP/1.1" 200 5105 "-" "Mozilla/5.0 (Windows NT 10.0; Win64; x64) AppleWebKit/537.36 (KHTML, like Gecko) Chrome/137.0.0.0 Safari/537.36" woosigns.com 10.38.47.211
165.165.122.26 - - [27/Aug/2026:18:45:30 -0600] "GET /penny-harbors-on-50-free-spins-on-dolphin-pearl-deluxe-no-deposit-the-internet-gamble-cent-slots/ HTTP/1.1" 200 32370 "-" "Mozilla/5.0 (Windows NT 10.0; Win64; x64) AppleWebKit/537.36 (KHTML, like Gecko) obsidian/1.8.10 Chrome/132.0.6834.196 Electron/34.2.0 Safari/537.36" woosigns.com 10.38.47.211
165.165.122.26 - - [27/Aug/2026:18:45:30 -0600] "GET /penny-harbors-on-50-free-spins-on-dolphin-pearl-deluxe-no-deposit-the-internet-gamble-cent-slots/ HTTP/1.1" 200 32370 "-" "Mozilla/5.0 (Windows NT 10.0; Win64; x64) AppleWebKit/537.36 (KHTML, like Gecko) obsidian/1.8.10 Chrome/132.0.6834.196 Electron/34.2.0 Safari/537.36" woosigns.com 10.38.47.211
57.141.14.94 - - [27/Aug/2026:18:45:51 -0600] "GET /ten-best-real-cash-web-based-casinos-to-possess-united-states-of-america-participants-inside-the-2026/ HTTP/1.1" 200 32133 "-" "Mozilla/5.0 (Windows NT 10.0; Win64; x64) AppleWebKit/537.36 (KHTML, like Gecko) Chrome/145.0.0.0 Safari/537.36 (compatible; meta-externalagent/1.1 (+https://developers.facebook.com/docs/sharing/webmasters/crawler))" woosigns.com 10.38.47.211
57.141.14.94 - - [27/Aug/2026:18:45:51 -0600] "GET /ten-best-real-cash-web-based-casinos-to-possess-united-states-of-america-participants-inside-the-2026/ HTTP/2.0" 200 32133 "-" "Mozilla/5.0 (Windows NT 10.0; Win64; x64) AppleWebKit/537.36 (KHTML, like Gecko) Chrome/145.0.0.0 Safari/537.36 (compatible; meta-externalagent/1.1 (+https://developers.facebook.com/docs/sharing/webmasters/crawler))" woosigns.com 10.38.47.211
57.141.14.36 - - [27/Aug/2026:18:45:55 -0600] "GET /den-evolving-digital-memoriam-hur-digital-spel-och-minnesspel-formar-varkultur-2/ HTTP/1.1" 200 30076 "-" "Mozilla/5.0 (Macintosh; Intel Mac OS X 10_15_7) AppleWebKit/537.36 (KHTML, like Gecko) Chrome/145.0.0.0 Safari/537.36 (compatible; meta-externalagent/1.1 (+https://developers.facebook.com/docs/sharing/webmasters/crawler))" woosigns.com 10.38.47.211
57.141.14.36 - - [27/Aug/2026:18:45:55 -0600] "GET /den-evolving-digital-memoriam-hur-digital-spel-och-minnesspel-formar-varkultur-2/ HTTP/2.0" 200 30076 "-" "Mozilla/5.0 (Macintosh; Intel Mac OS X 10_15_7) AppleWebKit/537.36 (KHTML, like Gecko) Chrome/145.0.0.0 Safari/537.36 (compatible; meta-externalagent/1.1 (+https://developers.facebook.com/docs/sharing/webmasters/crawler))" woosigns.com 10.38.47.211
187.190.162.94 - - [27/Aug/2026:18:46:55 -0600] "POST /web_online_store/xmlrpc.php HTTP/1.1" 409 83 "-" "Mozilla/5.0 (X11; Ubuntu; Linux x86_64; rv:138.0) Gecko/20100101 Firefox/138.0" woosigns.com 10.38.47.211
67.20.76.220 - - [27/Aug/2026:18:48:50 -0600] "POST /web_online_store/wp-cron.php?doing_wp_cron=1787878130.1113700866699218750000 HTTP/1.1" 200 - "-" "WordPress/6.9.7; https://woosigns.com" woosigns.com 10.38.47.211
109.219.49.105 - - [27/Aug/2026:18:48:49 -0600] "POST /web_online_store/xmlrpc.php HTTP/1.1" 200 130 "-" "Mozilla/5.0 (Windows NT 10.0; Win64; x64) AppleWebKit/537.36 (KHTML, like Gecko) Chrome/137.0.0.0 Safari/537.36" woosigns.com 10.38.47.211
109.219.49.105 - - [27/Aug/2026:18:48:54 -0600] "POST /web_online_store/xmlrpc.php HTTP/1.1" 406 226 "-" "Mozilla/5.0 (X11; Linux x86_64) AppleWebKit/537.36 (KHTML, like Gecko) Chrome/134.0.0.0 Safari/537.36" woosigns.com 10.38.47.211
109.219.49.105 - - [27/Aug/2026:18:49:02 -0600] "POST /web_online_store/xmlrpc.php HTTP/1.1" 406 226 "-" "Mozilla/5.0 (X11; Linux x86_64) AppleWebKit/537.36 (KHTML, like Gecko) Chrome/134.0.0.0 Safari/537.36" woosigns.com 10.38.47.211
109.219.49.105 - - [27/Aug/2026:18:49:11 -0600] "POST /web_online_store/xmlrpc.php HTTP/1.1" 200 7695 "-" "Mozilla/5.0 (Macintosh; Intel Mac OS X 10_15_7) AppleWebKit/537.36 (KHTML, like Gecko) Chrome/145.0.0.0 Safari/537.36 OPR/129.0.0.0" woosigns.com 10.38.47.211
109.219.49.105 - - [27/Aug/2026:18:49:15 -0600] "GET /pharaoh-igrosoft-games-online/ HTTP/1.1" 200 35044 "-" "Mozilla/5.0 (X11; Linux x86_64) AppleWebKit/537.36 (KHTML, like Gecko) Chrome/135.0.0.0 Safari/537.36" woosigns.com 10.38.47.211
109.219.49.105 - - [27/Aug/2026:18:49:15 -0600] "GET /pharaoh-igrosoft-games-online/ HTTP/1.1" 200 35044 "-" "Mozilla/5.0 (X11; Linux x86_64) AppleWebKit/537.36 (KHTML, like Gecko) Chrome/135.0.0.0 Safari/537.36" woosigns.com 10.38.47.211
57.141.14.56 - - [27/Aug/2026:18:50:31 -0600] "GET /slotmaschinen-im-verbunden-casino-zum-casino-fur-echtes-geld-online-besten-geben/ HTTP/1.1" 200 31821 "-" "Mozilla/5.0 (Macintosh; Intel Mac OS X 10_15_7) AppleWebKit/537.36 (KHTML, like Gecko) Chrome/145.0.0.0 Safari/537.36 (compatible; meta-externalagent/1.1 (+https://developers.facebook.com/docs/sharing/webmasters/crawler))" woosigns.com 10.38.47.211
57.141.14.56 - - [27/Aug/2026:18:50:31 -0600] "GET /slotmaschinen-im-verbunden-casino-zum-casino-fur-echtes-geld-online-besten-geben/ HTTP/2.0" 200 31821 "-" "Mozilla/5.0 (Macintosh; Intel Mac OS X 10_15_7) AppleWebKit/537.36 (KHTML, like Gecko) Chrome/145.0.0.0 Safari/537.36 (compatible; meta-externalagent/1.1 (+https://developers.facebook.com/docs/sharing/webmasters/crawler))" woosigns.com 10.38.47.211
67.20.76.220 - - [27/Aug/2026:18:50:33 -0600] "POST /web_online_store/wp-cron.php?doing_wp_cron=1787878233.3301379680633544921875 HTTP/1.1" 200 - "-" "WordPress/6.9.7; https://woosigns.com" woosigns.com 10.38.47.211
5.231.118.202 - - [27/Aug/2026:18:50:31 -0600] "POST /web_online_store/xmlrpc.php HTTP/1.1" 200 130 "-" "Mozilla/5.0 (Macintosh; Intel Mac OS X 10_15_7) AppleWebKit/605.1.15 (KHTML, like Gecko) Version/17.4.1 Safari/605.1.15" woosigns.com 10.38.47.211
5.231.118.202 - - [27/Aug/2026:18:50:38 -0600] "POST /web_online_store/xmlrpc.php HTTP/1.1" 200 4480 "-" "Mozilla/5.0 (Macintosh; Intel Mac OS X 10.15; rv:150.0) Gecko/20100101 Firefox/150.0" woosigns.com 10.38.47.211
5.231.118.202 - - [27/Aug/2026:18:50:42 -0600] "GET /free-internet-games-from-promo-codes-ice-casino-the-poki-gamble-now/ HTTP/1.1" 200 31668 "-" "Mozilla/5.0 (Macintosh; Intel Mac OS X 10_15_7) AppleWebKit/537.36 (KHTML, like Gecko) Chrome/132.0.0.0 Safari/537.36" woosigns.com 10.38.47.211
5.231.118.202 - - [27/Aug/2026:18:50:42 -0600] "GET /free-internet-games-from-promo-codes-ice-casino-the-poki-gamble-now/ HTTP/1.1" 200 31668 "-" "Mozilla/5.0 (Macintosh; Intel Mac OS X 10_15_7) AppleWebKit/537.36 (KHTML, like Gecko) Chrome/132.0.0.0 Safari/537.36" woosigns.com 10.38.47.211
178.20.43.173 - - [27/Aug/2026:18:50:43 -0600] "GET /general-question/ HTTP/1.1" 200 76581 "https://woosigns.com/general-question/" "Mozilla/5.0 (Windows NT 10.0; Win64; x64) AppleWebKit/537.36 (KHTML, like Gecko) Chrome/131.0.0.0 Safari/537.36" woosigns.com 10.38.47.211
178.20.43.173 - - [27/Aug/2026:18:50:42 -0600] "GET /general-question/ HTTP/1.0" 200 76581 "https://woosigns.com/general-question/" "Mozilla/5.0 (Windows NT 10.0; Win64; x64) AppleWebKit/537.36 (KHTML, like Gecko) Chrome/131.0.0.0 Safari/537.36" woosigns.com 10.38.47.211
178.20.43.173 - - [27/Aug/2026:18:50:44 -0600] "POST /general-question/ HTTP/1.0" 200 2499 "https://woosigns.com/general-question/" "Mozilla/5.0 (Windows NT 10.0; Win64; x64) AppleWebKit/537.36 (KHTML, like Gecko) Chrome/131.0.0.0 Safari/537.36" woosigns.com 10.38.47.211
186.31.55.171 - - [27/Aug/2026:18:52:17 -0600] "POST /web_online_store/xmlrpc.php HTTP/1.1" 406 226 "-" "Mozilla/5.0 (X11; Linux x86_64) AppleWebKit/537.36 (KHTML, like Gecko) Chrome/134.0.0.0 Safari/537.36" woosigns.com 10.38.47.211
186.31.55.171 - - [27/Aug/2026:18:52:25 -0600] "POST /web_online_store/xmlrpc.php HTTP/1.1" 406 226 "-" "Mozilla/5.0 (X11; Linux x86_64) AppleWebKit/537.36 (KHTML, like Gecko) Chrome/134.0.0.0 Safari/537.36" woosigns.com 10.38.47.211
67.20.76.220 - - [27/Aug/2026:18:53:52 -0600] "POST /web_online_store/wp-cron.php?doing_wp_cron=1787878432.4091539382934570312500 HTTP/1.1" 200 - "-" "WordPress/6.9.7; https://woosigns.com" woosigns.com 10.38.47.211
110.168.236.147 - - [27/Aug/2026:18:53:51 -0600] "POST /web_online_store/xmlrpc.php HTTP/1.1" 200 130 "-" "Mozilla/5.0 (Windows NT 10.0; Win64; x64) AppleWebKit/537.36 (KHTML, like Gecko) Chrome/147.0.0.0 Safari/537.36 OPR/131.0.0.0" woosigns.com 10.38.47.211
110.168.236.147 - - [27/Aug/2026:18:53:56 -0600] "POST /web_online_store/xmlrpc.php HTTP/1.1" 200 6785 "-" "Mozilla/5.0 (Windows NT 10.0; Win64; x64) AppleWebKit/537.36 (KHTML, like Gecko) Chrome/117.0.5938.132 Safari/537.36" woosigns.com 10.38.47.211
110.168.236.147 - - [27/Aug/2026:18:54:04 -0600] "GET /usd-symbols-backup-paste-and-you-machance-apk-login-will-piano-book-to-the-buck-indication/ HTTP/1.1" 200 34157 "-" "Mozilla/5.0 (Windows NT 10.0; Win64; x64) AppleWebKit/537.36 (KHTML, like Gecko) Chrome/91.0.4472.124 Safari/537.36" woosigns.com 10.38.47.211
110.168.236.147 - - [27/Aug/2026:18:54:04 -0600] "GET /usd-symbols-backup-paste-and-you-machance-apk-login-will-piano-book-to-the-buck-indication/ HTTP/1.1" 200 34157 "-" "Mozilla/5.0 (Windows NT 10.0; Win64; x64) AppleWebKit/537.36 (KHTML, like Gecko) Chrome/91.0.4472.124 Safari/537.36" woosigns.com 10.38.47.211
67.20.76.220 - - [27/Aug/2026:18:55:36 -0600] "POST /web_online_store/wp-cron.php?doing_wp_cron=1787878536.9431619644165039062500 HTTP/1.1" 200 - "-" "WordPress/6.9.7; https://woosigns.com" woosigns.com 10.38.47.211
126.221.7.168 - - [27/Aug/2026:18:55:35 -0600] "POST /web_online_store/xmlrpc.php HTTP/1.1" 200 130 "-" "Mozilla/5.0 (Macintosh; Intel Mac OS X 10.15; rv:150.0) Gecko/20100101 Firefox/150.0" woosigns.com 10.38.47.211
126.221.7.168 - - [27/Aug/2026:18:55:41 -0600] "POST /web_online_store/xmlrpc.php HTTP/1.1" 200 5441 "-" "Mozilla/5.0 (Windows NT 10.0; Win64; x64) AppleWebKit/537.36 (KHTML, like Gecko) Chrome/133.0.0.0 Safari/537.36 OPR/118.0.0.0" woosigns.com 10.38.47.211
126.221.7.168 - - [27/Aug/2026:18:55:45 -0600] "GET /gamble-each-day-word-chain-6-million-dollar-man-win-secret/ HTTP/1.1" 200 32619 "-" "Mozilla/5.0 (X11; Ubuntu; Linux x86_64; rv:137.0) Gecko/20100101 Firefox/137.0" woosigns.com 10.38.47.211
126.221.7.168 - - [27/Aug/2026:18:55:45 -0600] "GET /gamble-each-day-word-chain-6-million-dollar-man-win-secret/ HTTP/1.1" 200 32619 "-" "Mozilla/5.0 (X11; Ubuntu; Linux x86_64; rv:137.0) Gecko/20100101 Firefox/137.0" woosigns.com 10.38.47.211
67.20.76.220 - - [27/Aug/2026:18:55:51 -0600] "POST /web_online_store/wp-cron.php?doing_wp_cron=1787878551.2007350921630859375000 HTTP/1.1" 200 - "-" "WordPress/6.9.7; https://woosigns.com" woosigns.com 10.38.47.211
102.176.78.62 - - [27/Aug/2026:18:55:49 -0600] "POST /web_online_store/xmlrpc.php HTTP/1.1" 200 130 "-" "Mozilla/5.0 (Macintosh; Intel Mac OS X 10_15_7) AppleWebKit/605.1.15 (KHTML, like Gecko) Version/18.3 Safari/605.1.15" woosigns.com 10.38.47.211
102.176.78.62 - - [27/Aug/2026:18:55:56 -0600] "POST /web_online_store/xmlrpc.php HTTP/1.1" 200 6586 "-" "Mozilla/5.0 (Windows NT 10.0; Win64; x64) AppleWebKit/537.36 (KHTML, like Gecko) Chrome/131.0.0.0 Safari/537.36 Edg/131.0.0.0" woosigns.com 10.38.47.211
102.176.78.62 - - [27/Aug/2026:18:56:02 -0600] "GET /%D9%83%D8%A7%D8%B2%D9%8A%D9%86%D9%88%D9%87%D8%A7%D8%AA-%D9%85%D8%A7%D9%8A%D8%B3%D8%AA%D8%B1%D9%88-2026-%D9%85%D9%88%D8%A7%D9%82%D8%B9-%D9%83%D8%A7%D8%B2%D9%8A%D9%86%D9%88%D9%87%D8%A7%D8%AA-%D8%A7/ HTTP/1.1" 200 34596 "-" "Mozilla/5.0 (Windows NT 10.0; Win64; x64) AppleWebKit/537.36 (KHTML, like Gecko) obsidian/1.8.3 Chrome/130.0.6723.191 Electron/33.3.2 Safari/537.36" woosigns.com 10.38.47.211
102.176.78.62 - - [27/Aug/2026:18:56:02 -0600] "GET /%D9%83%D8%A7%D8%B2%D9%8A%D9%86%D9%88%D9%87%D8%A7%D8%AA-%D9%85%D8%A7%D9%8A%D8%B3%D8%AA%D8%B1%D9%88-2026-%D9%85%D9%88%D8%A7%D9%82%D8%B9-%D9%83%D8%A7%D8%B2%D9%8A%D9%86%D9%88%D9%87%D8%A7%D8%AA-%D8%A7/ HTTP/1.1" 200 34596 "-" "Mozilla/5.0 (Windows NT 10.0; Win64; x64) AppleWebKit/537.36 (KHTML, like Gecko) obsidian/1.8.3 Chrome/130.0.6723.191 Electron/33.3.2 Safari/537.36" woosigns.com 10.38.47.211
209.42.20.222 - - [27/Aug/2026:18:56:43 -0600] "GET /wp-login.php HTTP/2.0" 409 83 "-" "Mozilla/5.0 (Windows NT 10.0; Win64; x64) AppleWebKit/537.36 (KHTML, like Gecko) Chrome/151.0.0.0 Safari/537.36" woosigns.com 10.38.47.211
121.121.78.17 - - [27/Aug/2026:18:57:14 -0600] "POST /web_online_store/xmlrpc.php HTTP/1.1" 406 226 "-" "Mozilla/5.0 (X11; Linux x86_64) AppleWebKit/537.36 (KHTML, like Gecko) Chrome/132.0.0.0 Safari/537.36" woosigns.com 10.38.47.211
121.121.78.17 - - [27/Aug/2026:18:57:22 -0600] "POST /web_online_store/xmlrpc.php HTTP/1.1" 406 226 "-" "Mozilla/5.0 (X11; Linux x86_64) AppleWebKit/537.36 (KHTML, like Gecko) Chrome/132.0.0.0 Safari/537.36" woosigns.com 10.38.47.211
67.20.76.220 - - [27/Aug/2026:18:57:47 -0600] "POST /web_online_store/wp-cron.php?doing_wp_cron=1787878667.9693970680236816406250 HTTP/1.1" 200 - "-" "WordPress/6.9.7; https://woosigns.com" woosigns.com 10.38.47.211
14.237.254.117 - - [27/Aug/2026:18:57:46 -0600] "POST /web_online_store/xmlrpc.php HTTP/1.1" 200 130 "-" "Mozilla/5.0 (Windows NT 10.0; Win64; x64) AppleWebKit/537.36 (KHTML, like Gecko) Chrome/124.0.0.0 Safari/537.36" woosigns.com 10.38.47.211
14.237.254.117 - - [27/Aug/2026:18:57:54 -0600] "POST /web_online_store/xmlrpc.php HTTP/1.1" 200 6201 "-" "Mozilla/5.0 (Windows NT 10.0; Win64; x64) AppleWebKit/537.36 (KHTML, like Gecko) Chrome/132.0.0.0 Safari/537.36 OPR/117.0.0.0" woosigns.com 10.38.47.211
14.237.254.117 - - [27/Aug/2026:18:58:01 -0600] "GET /desette-promo-kodove-goldbet-nay-dobri-bitkoyn-kazina-v-avstraliya-koito-shche-ima-prez-2026-g/ HTTP/1.1" 200 34254 "-" "Mozilla/5.0 (Windows NT 10.0; Win64; x64; rv:138.0) Gecko/20100101 Firefox/138.0" woosigns.com 10.38.47.211
14.237.254.117 - - [27/Aug/2026:18:58:01 -0600] "GET /desette-promo-kodove-goldbet-nay-dobri-bitkoyn-kazina-v-avstraliya-koito-shche-ima-prez-2026-g/ HTTP/1.1" 200 34254 "-" "Mozilla/5.0 (Windows NT 10.0; Win64; x64; rv:138.0) Gecko/20100101 Firefox/138.0" woosigns.com 10.38.47.211
67.20.76.220 - - [27/Aug/2026:18:58:38 -0600] "POST /web_online_store/wp-cron.php?doing_wp_cron=1787878718.7893249988555908203125 HTTP/1.1" 200 - "-" "WordPress/6.9.7; https://woosigns.com" woosigns.com 10.38.47.211
181.177.14.149 - - [27/Aug/2026:18:58:37 -0600] "POST /web_online_store/xmlrpc.php HTTP/1.1" 200 130 "-" "Mozilla/5.0 (Macintosh; Intel Mac OS X 10.15; rv:138.0) Gecko/20100101 Firefox/138.0" woosigns.com 10.38.47.211
181.177.14.149 - - [27/Aug/2026:18:58:43 -0600] "POST /web_online_store/xmlrpc.php HTTP/1.1" 200 5398 "-" "Mozilla/5.0 (Windows NT 10.0; Win64; x64) AppleWebKit/537.36 (KHTML, like Gecko) Chrome/148.0.0.0 Safari/537.36 Edg/148.0.0.0" woosigns.com 10.38.47.211
181.177.14.149 - - [27/Aug/2026:18:58:50 -0600] "GET /online-harbors-that-bonus-code-mansion-casino-have-incentive-spins/ HTTP/1.1" 200 32508 "-" "Mozilla/5.0 (Macintosh; Intel Mac OS X 10_15_7) AppleWebKit/605.1.15 (KHTML, like Gecko) Version/17.6 Safari/605.1.15" woosigns.com 10.38.47.211
181.177.14.149 - - [27/Aug/2026:18:58:50 -0600] "GET /online-harbors-that-bonus-code-mansion-casino-have-incentive-spins/ HTTP/1.1" 200 32508 "-" "Mozilla/5.0 (Macintosh; Intel Mac OS X 10_15_7) AppleWebKit/605.1.15 (KHTML, like Gecko) Version/17.6 Safari/605.1.15" woosigns.com 10.38.47.211
208.115.224.164 - - [27/Aug/2026:18:59:54 -0600] "POST /web_online_store/xmlrpc.php HTTP/1.1" 409 83 "-" "Mozilla/5.0 (Windows NT 10.0; Win64; x64) AppleWebKit/537.36 (KHTML, like Gecko) Chrome/148.0.0.0 Safari/537.36" woosigns.com 10.38.47.211
208.115.224.164 - - [27/Aug/2026:18:59:55 -0600] "POST /web_online_store/xmlrpc.php HTTP/1.1" 409 83 "-" "Mozilla/5.0 (Windows NT 10.0; Win64; x64) AppleWebKit/537.36 (KHTML, like Gecko) Chrome/148.0.0.0 Safari/537.36" woosigns.com 10.38.47.211
67.20.76.220 - - [27/Aug/2026:19:00:17 -0600] "POST /web_online_store/wp-cron.php?doing_wp_cron=1787878817.5018339157104492187500 HTTP/1.1" 200 - "-" "WordPress/6.9.7; https://woosigns.com" woosigns.com 10.38.47.211
41.227.172.124 - - [27/Aug/2026:19:00:16 -0600] "POST /web_online_store/xmlrpc.php HTTP/1.1" 200 130 "-" "Mozilla/5.0 (Windows NT 10.0; Win64; x64) AppleWebKit/537.36 (KHTML, like Gecko) Chrome/145.0.0.0 Safari/537.36" woosigns.com 10.38.47.211
41.227.172.124 - - [27/Aug/2026:19:00:23 -0600] "POST /web_online_store/xmlrpc.php HTTP/1.1" 200 5474 "-" "Mozilla/5.0 (Macintosh; Intel Mac OS X 10.15; rv:137.0) Gecko/20100101 Firefox/137.0" woosigns.com 10.38.47.211
192.185.82.187 - - [27/Aug/2026:19:00:24 -0600] "GET /wp-login.php HTTP/2.0" 302 1496 "-" "Mozilla/5.0 (Windows NT 10.0; Win64; x64) AppleWebKit/537.36 (KHTML, like Gecko) Chrome/151.0.0.0 Safari/537.36" woosigns.com 10.38.47.211
41.227.172.124 - - [27/Aug/2026:19:00:27 -0600] "GET /ghostbusters-hot-seven-slot-games-harbors-a-real-income-casino-slot-games-totally-free-play-trial/ HTTP/1.1" 200 32815 "-" "Mozilla/5.0 (Macintosh; Intel Mac OS X 10_15_7) AppleWebKit/537.36 (KHTML, like Gecko) Chrome/128.0.0.0 Safari/537.36" woosigns.com 10.38.47.211
41.227.172.124 - - [27/Aug/2026:19:00:27 -0600] "GET /ghostbusters-hot-seven-slot-games-harbors-a-real-income-casino-slot-games-totally-free-play-trial/ HTTP/1.1" 200 32815 "-" "Mozilla/5.0 (Macintosh; Intel Mac OS X 10_15_7) AppleWebKit/537.36 (KHTML, like Gecko) Chrome/128.0.0.0 Safari/537.36" woosigns.com 10.38.47.211
192.185.82.187 - - [27/Aug/2026:19:00:31 -0600] "GET /wp-json/wp/v2/users/me HTTP/2.0" 401 1580 "-" "Mozilla/5.0 (Windows NT 10.0; Win64; x64) AppleWebKit/537.36 (KHTML, like Gecko) Chrome/151.0.0.0 Safari/537.36" woosigns.com 10.38.47.211
192.185.82.187 - - [27/Aug/2026:19:00:24 -0600] "GET /web_online_store/wp-login.php HTTP/2.0" 200 - "https://woosigns.com/wp-login.php" "Mozilla/5.0 (Windows NT 10.0; Win64; x64) AppleWebKit/537.36 (KHTML, like Gecko) Chrome/151.0.0.0 Safari/537.36" woosigns.com 10.38.47.211
67.20.76.220 - - [27/Aug/2026:19:01:40 -0600] "POST /web_online_store/wp-cron.php?doing_wp_cron=1787878900.5763130187988281250000 HTTP/1.1" 200 - "-" "WordPress/6.9.7; https://woosigns.com" woosigns.com 10.38.47.211
117.5.142.25 - - [27/Aug/2026:19:01:39 -0600] "POST /web_online_store/xmlrpc.php HTTP/1.1" 200 130 "-" "Mozilla/5.0 (Windows NT 10.0; Win64; x64) AppleWebKit/537.36 (KHTML, like Gecko) Chrome/135.0.0.0 Safari/537.36" woosigns.com 10.38.47.211
117.5.142.25 - - [27/Aug/2026:19:01:45 -0600] "POST /web_online_store/xmlrpc.php HTTP/1.1" 200 4801 "-" "Mozilla/5.0 (Windows NT 10.0; Win64; x64; rv:138.0) Gecko/20100101 Firefox/138.0" woosigns.com 10.38.47.211
117.5.142.25 - - [27/Aug/2026:19:01:50 -0600] "GET /indian-thinking-pokie-real-money-slots-wager-free-no-down-load/ HTTP/1.1" 200 32168 "-" "Mozilla/5.0 (Macintosh; Intel Mac OS X 10_15_7) AppleWebKit/537.36 (KHTML, like Gecko) Chrome/133.0.0.0 Safari/537.36" woosigns.com 10.38.47.211
117.5.142.25 - - [27/Aug/2026:19:01:50 -0600] "GET /indian-thinking-pokie-real-money-slots-wager-free-no-down-load/ HTTP/1.1" 200 32168 "-" "Mozilla/5.0 (Macintosh; Intel Mac OS X 10_15_7) AppleWebKit/537.36 (KHTML, like Gecko) Chrome/133.0.0.0 Safari/537.36" woosigns.com 10.38.47.211
190.142.214.14 - - [27/Aug/2026:19:03:17 -0600] "POST /web_online_store/xmlrpc.php HTTP/1.1" 409 83 "-" "Mozilla/5.0 (Macintosh; Intel Mac OS X 10_15_7) AppleWebKit/537.36 (KHTML, like Gecko) Chrome/135.0.0.0 Safari/537.36" woosigns.com 10.38.47.211
167.71.240.77 - - [27/Aug/2026:19:05:13 -0600] "GET /wp-login.php HTTP/2.0" 409 83 "-" "Mozilla/5.0 (Windows NT 10.0; Win64; x64) AppleWebKit/537.36 (KHTML, like Gecko) Chrome/151.0.0.0 Safari/537.36" woosigns.com 10.38.47.211
67.20.76.220 - - [27/Aug/2026:19:05:37 -0600] "POST /web_online_store/wp-cron.php?doing_wp_cron=1787879137.4693639278411865234375 HTTP/1.1" 200 - "-" "WordPress/6.9.7; https://woosigns.com" woosigns.com 10.38.47.211
42.117.44.6 - - [27/Aug/2026:19:05:33 -0600] "POST /web_online_store/xmlrpc.php HTTP/1.1" 200 130 "-" "Mozilla/5.0 (Macintosh; Intel Mac OS X 10_15_7) AppleWebKit/537.36 (KHTML, like Gecko) obsidian/1.8.9 Chrome/132.0.6834.210 Electron/34.3.0 Safari/537.36" woosigns.com 10.38.47.211
42.117.44.6 - - [27/Aug/2026:19:05:43 -0600] "POST /web_online_store/xmlrpc.php HTTP/1.1" 200 6416 "-" "Mozilla/5.0 (Windows NT 10.0; Win64; x64) AppleWebKit/537.36 (KHTML, like Gecko) Chrome/137.0.0.0 Safari/537.36" woosigns.com 10.38.47.211
42.117.44.6 - - [27/Aug/2026:19:05:50 -0600] "GET /neveroyatnata-slot-igra-hulk-koyato-mozhete-da-izpitate-naplno-bezplatno-v-onlayn-khazartnite-izteglyane-na-prilozhenie-goldbet-blgariya-kompanii-na-playtech/ HTTP/1.1" 200 34644 "-" "Mozilla/5.0 (Macintosh; Intel Mac OS X 10_15_7) AppleWebKit/537.36 (KHTML, like Gecko) Chrome/136.0.0.0 Safari/537.36 Edg/136.0.0.0" woosigns.com 10.38.47.211
42.117.44.6 - - [27/Aug/2026:19:05:50 -0600] "GET /neveroyatnata-slot-igra-hulk-koyato-mozhete-da-izpitate-naplno-bezplatno-v-onlayn-khazartnite-izteglyane-na-prilozhenie-goldbet-blgariya-kompanii-na-playtech/ HTTP/1.1" 200 34644 "-" "Mozilla/5.0 (Macintosh; Intel Mac OS X 10_15_7) AppleWebKit/537.36 (KHTML, like Gecko) Chrome/136.0.0.0 Safari/537.36 Edg/136.0.0.0" woosigns.com 10.38.47.211
67.20.76.220 - - [27/Aug/2026:19:06:24 -0600] "POST /web_online_store/wp-cron.php?doing_wp_cron=1787879184.5907449722290039062500 HTTP/1.1" 200 - "-" "WordPress/6.9.7; https://woosigns.com" woosigns.com 10.38.47.211
197.185.185.3 - - [27/Aug/2026:19:06:23 -0600] "POST /web_online_store/xmlrpc.php HTTP/1.1" 200 130 "-" "Mozilla/5.0 (Macintosh; Intel Mac OS X 10.15; rv:138.0) Gecko/20100101 Firefox/138.0" woosigns.com 10.38.47.211
197.185.185.3 - - [27/Aug/2026:19:06:31 -0600] "POST /web_online_store/xmlrpc.php HTTP/1.1" 200 3883 "-" "Mozilla/5.0 (Windows NT 10.0; Win64; x64) AppleWebKit/537.36 (KHTML, like Gecko) Chrome/131.0.0.0 Safari/537.36" woosigns.com 10.38.47.211
197.185.185.3 - - [27/Aug/2026:19:06:36 -0600] "GET /enjoy-14k-mr-bet-android-apk-totally-free-harbors-on-the-web-zero-subscription-no-install/ HTTP/1.1" 200 31135 "-" "Mozilla/5.0 (Macintosh; Intel Mac OS X 10_15_7) AppleWebKit/537.36 (KHTML, like Gecko) Chrome/133.0.0.0 Safari/537.36" woosigns.com 10.38.47.211
197.185.185.3 - - [27/Aug/2026:19:06:36 -0600] "GET /enjoy-14k-mr-bet-android-apk-totally-free-harbors-on-the-web-zero-subscription-no-install/ HTTP/1.1" 200 31135 "-" "Mozilla/5.0 (Macintosh; Intel Mac OS X 10_15_7) AppleWebKit/537.36 (KHTML, like Gecko) Chrome/133.0.0.0 Safari/537.36" woosigns.com 10.38.47.211
115.79.174.79 - - [27/Aug/2026:19:08:00 -0600] "POST /web_online_store/xmlrpc.php HTTP/1.1" 406 226 "-" "Mozilla/5.0 (X11; Linux x86_64) AppleWebKit/537.36 (KHTML, like Gecko) Chrome/129.0.0.0 Safari/537.36" woosigns.com 10.38.47.211
115.79.174.79 - - [27/Aug/2026:19:08:09 -0600] "POST /web_online_store/xmlrpc.php HTTP/1.1" 406 226 "-" "Mozilla/5.0 (X11; Linux x86_64) AppleWebKit/537.36 (KHTML, like Gecko) Chrome/129.0.0.0 Safari/537.36" woosigns.com 10.38.47.211
195.250.23.54 - - [27/Aug/2026:19:09:10 -0600] "GET /wp-login.php HTTP/2.0" 409 83 "-" "Mozilla/5.0 (Windows NT 10.0; Win64; x64) AppleWebKit/537.36 (KHTML, like Gecko) Chrome/151.0.0.0 Safari/537.36" woosigns.com 10.38.47.211
162.240.171.12 - - [27/Aug/2026:19:09:31 -0600] "GET /wp-login.php HTTP/2.0" 409 83 "-" "Mozilla/5.0 (Windows NT 10.0; Win64; x64) AppleWebKit/537.36 (KHTML, like Gecko) Chrome/151.0.0.0 Safari/537.36" woosigns.com 10.38.47.211
162.240.171.12 - - [27/Aug/2026:19:09:31 -0600] "POST /wp-login.php HTTP/2.0" 409 83 "https://woosigns.com/wp-login.php" "Mozilla/5.0 (Windows NT 10.0; Win64; x64) AppleWebKit/537.36 (KHTML, like Gecko) Chrome/151.0.0.0 Safari/537.36" woosigns.com 10.38.47.211
67.20.76.220 - - [27/Aug/2026:19:09:38 -0600] "POST /web_online_store/wp-cron.php?doing_wp_cron=1787879378.0213720798492431640625 HTTP/1.1" 200 - "-" "WordPress/6.9.7; https://woosigns.com" woosigns.com 10.38.47.211
73.13.133.148 - - [27/Aug/2026:19:09:37 -0600] "POST /web_online_store/xmlrpc.php HTTP/1.1" 200 130 "-" "Mozilla/5.0 (Windows NT 10.0; Win64; x64) AppleWebKit/537.36 (KHTML, like Gecko) obsidian/1.8.9 Chrome/132.0.6834.210 Electron/34.3.0 Safari/537.36" woosigns.com 10.38.47.211
73.13.133.148 - - [27/Aug/2026:19:09:42 -0600] "POST /web_online_store/xmlrpc.php HTTP/1.1" 200 5191 "-" "Mozilla/5.0 (Macintosh; Intel Mac OS X 10_15_7) AppleWebKit/537.36 (KHTML, like Gecko) Chrome/131.0.0.0 Safari/537.36" woosigns.com 10.38.47.211
23.104.184.137 - - [27/Aug/2026:19:09:44 -0600] "GET /navigating-the-effortless-flow-of-rocketplay-casino-australias-layout/?__tcv=1787151177319-1 HTTP/1.1" 200 30261 "https://woosigns.com/" "Mozilla/5.0 (Windows NT 10.0; Win64; x64) AppleWebKit/537.36 (KHTML, like Gecko) Chrome/129.0.0.0 Safari/537.36" woosigns.com 10.38.47.211
23.104.184.137 - - [27/Aug/2026:19:09:44 -0600] "GET /navigating-the-effortless-flow-of-rocketplay-casino-australias-layout/?__tcv=1787151177319-1 HTTP/1.1" 200 30261 "https://woosigns.com/" "Mozilla/5.0 (Windows NT 10.0; Win64; x64) AppleWebKit/537.36 (KHTML, like Gecko) Chrome/129.0.0.0 Safari/537.36" woosigns.com 10.38.47.211
73.13.133.148 - - [27/Aug/2026:19:09:45 -0600] "GET /slot-machines-zero-down-load-6-million-dollar-man-80-free-spins-play-online-slot-game-for-fun/ HTTP/1.1" 200 32434 "-" "Mozilla/5.0 (Macintosh; Intel Mac OS X 10.15; rv:138.0) Gecko/20100101 Firefox/138.0" woosigns.com 10.38.47.211
73.13.133.148 - - [27/Aug/2026:19:09:45 -0600] "GET /slot-machines-zero-down-load-6-million-dollar-man-80-free-spins-play-online-slot-game-for-fun/ HTTP/1.1" 200 32434 "-" "Mozilla/5.0 (Macintosh; Intel Mac OS X 10.15; rv:138.0) Gecko/20100101 Firefox/138.0" woosigns.com 10.38.47.211
23.104.184.137 - - [27/Aug/2026:19:09:47 -0600] "GET /wp-login.php?action=register HTTP/1.1" 404 27572 "https://woosigns.com/navigating-the-effortless-flow-of-rocketplay-casino-australias-layout/?__tcv=1787151177319-1" "Mozilla/5.0 (Windows NT 6.3; Win64; x64) AppleWebKit/537.36 (KHTML, like Gecko) Chrome/103.0.0.0 Safari/537.36" woosigns.com 10.38.47.211
23.104.184.137 - - [27/Aug/2026:19:09:48 -0600] "GET /wp-login.php?action=register HTTP/1.1" 404 27572 "https://woosigns.com/wp-login.php?action=register" "Mozilla/5.0 (Windows NT 6.3; Win64; x64) AppleWebKit/537.36 (KHTML, like Gecko) Chrome/103.0.0.0 Safari/537.36" woosigns.com 10.38.47.211
67.20.76.220 - - [27/Aug/2026:19:11:17 -0600] "POST /web_online_store/wp-cron.php?doing_wp_cron=1787879477.1339550018310546875000 HTTP/1.1" 200 - "-" "WordPress/6.9.7; https://woosigns.com" woosigns.com 10.38.47.211
114.10.44.42 - - [27/Aug/2026:19:11:14 -0600] "POST /web_online_store/xmlrpc.php HTTP/1.1" 200 130 "-" "Mozilla/5.0 (Macintosh; Intel Mac OS X 10_15_7) AppleWebKit/605.1.15 (KHTML, like Gecko) Version/17.6 Safari/605.1.15" woosigns.com 10.38.47.211
17.166.24.22 - - [27/Aug/2026:19:11:18 -0600] "GET /aluminum-pan-sign/feed/ HTTP/1.1" 200 1939 "-" "Mozilla/5.0 (Macintosh; Intel Mac OS X 10_15_7) AppleWebKit/605.1.15 (KHTML, like Gecko) Version/17.4 Safari/605.1.15 (Applebot/0.1; +http://www.apple.com/go/applebot)" woosigns.com 10.38.47.211
17.166.24.22 - - [27/Aug/2026:19:11:18 -0600] "GET /aluminum-pan-sign/feed/ HTTP/2.0" 200 1939 "-" "Mozilla/5.0 (Macintosh; Intel Mac OS X 10_15_7) AppleWebKit/605.1.15 (KHTML, like Gecko) Version/17.4 Safari/605.1.15 (Applebot/0.1; +http://www.apple.com/go/applebot)" woosigns.com 10.38.47.211
114.10.44.42 - - [27/Aug/2026:19:11:22 -0600] "POST /web_online_store/xmlrpc.php HTTP/1.1" 200 7012 "-" "Mozilla/5.0 (Macintosh; Intel Mac OS X 10.15; rv:137.0) Gecko/20100101 Firefox/137.0" woosigns.com 10.38.47.211
114.10.44.42 - - [27/Aug/2026:19:11:27 -0600] "GET /real-lucky-rabbits-loot-free-spins-money-ports-better-casinos-on-the-internet-which-have-1000s-of-ports/ HTTP/1.1" 200 34552 "-" "Mozilla/5.0 (Macintosh; Intel Mac OS X 10_15_7) AppleWebKit/537.36 (KHTML, like Gecko) Chrome/133.0.0.0 Safari/537.36" woosigns.com 10.38.47.211
114.10.44.42 - - [27/Aug/2026:19:11:27 -0600] "GET /real-lucky-rabbits-loot-free-spins-money-ports-better-casinos-on-the-internet-which-have-1000s-of-ports/ HTTP/1.1" 200 34552 "-" "Mozilla/5.0 (Macintosh; Intel Mac OS X 10_15_7) AppleWebKit/537.36 (KHTML, like Gecko) Chrome/133.0.0.0 Safari/537.36" woosigns.com 10.38.47.211
67.20.76.220 - - [27/Aug/2026:19:12:16 -0600] "POST /web_online_store/wp-cron.php?doing_wp_cron=1787879536.6241810321807861328125 HTTP/1.1" 200 - "-" "WordPress/6.9.7; https://woosigns.com" woosigns.com 10.38.47.211
190.237.80.93 - - [27/Aug/2026:19:12:15 -0600] "POST /web_online_store/xmlrpc.php HTTP/1.1" 200 130 "-" "Mozilla/5.0 (Windows NT 10.0; Win64; x64) AppleWebKit/537.36 (KHTML, like Gecko) Chrome/91.0.4472.124 Safari/537.36" woosigns.com 10.38.47.211
190.237.80.93 - - [27/Aug/2026:19:12:21 -0600] "POST /web_online_store/xmlrpc.php HTTP/1.1" 200 6075 "-" "Mozilla/5.0 (Windows NT 10.0; Win64; x64; rv:137.0) Gecko/20100101 Firefox/137.0" woosigns.com 10.38.47.211
190.237.80.93 - - [27/Aug/2026:19:12:26 -0600] "GET /slot-mashina-genie-jackpots-nasladete-se-onlayn-ili-na-mobilnoto-si-ustroystvo-ice-casino-vkhod-blgariya-sega/ HTTP/1.1" 200 33965 "-" "Mozilla/5.0 (Macintosh; Intel Mac OS X 10_15_7) AppleWebKit/605.1.15 (KHTML, like Gecko) Version/17.6 Safari/605.1.15" woosigns.com 10.38.47.211
190.237.80.93 - - [27/Aug/2026:19:12:26 -0600] "GET /slot-mashina-genie-jackpots-nasladete-se-onlayn-ili-na-mobilnoto-si-ustroystvo-ice-casino-vkhod-blgariya-sega/ HTTP/1.1" 200 33965 "-" "Mozilla/5.0 (Macintosh; Intel Mac OS X 10_15_7) AppleWebKit/605.1.15 (KHTML, like Gecko) Version/17.6 Safari/605.1.15" woosigns.com 10.38.47.211
91.98.186.91 - - [27/Aug/2026:19:12:50 -0600] "GET /wp-login.php HTTP/2.0" 409 83 "-" "Mozilla/5.0 (Windows NT 10.0; Win64; x64) AppleWebKit/537.36 (KHTML, like Gecko) Chrome/151.0.0.0 Safari/537.36" woosigns.com 10.38.47.211
217.217.247.3 - - [27/Aug/2026:19:12:54 -0600] "POST /web_online_store/xmlrpc.php HTTP/1.1" 406 226 "-" "Mozilla/5.0 (X11; Linux x86_64) AppleWebKit/537.36 (KHTML, like Gecko) Chrome/124.0.0.0 Safari/537.36" woosigns.com 10.38.47.211
217.217.247.3 - - [27/Aug/2026:19:13:01 -0600] "POST /web_online_store/xmlrpc.php HTTP/1.1" 406 226 "-" "Mozilla/5.0 (X11; Linux x86_64) AppleWebKit/537.36 (KHTML, like Gecko) Chrome/124.0.0.0 Safari/537.36" woosigns.com 10.38.47.211
93.152.221.213 - - [27/Aug/2026:19:14:27 -0600] "GET /wp-login.php HTTP/1.1" 409 83 "-" "Mozilla/5.0 (Windows NT 11.0; Win64; x64) AppleWebKit/537.36 (KHTML, like Gecko) Chrome/119.0.0.0 Safari/537.36" woosigns.com 10.38.47.211
93.152.221.213 - - [27/Aug/2026:19:14:28 -0600] "GET /wp-admin/ HTTP/1.1" 302 - "https://www.bing.com/" "Mozilla/5.0 (Macintosh; Intel Mac OS X 10_15_7) AppleWebKit/605.1.15 (KHTML, like Gecko) Version/17.1 Safari/605.1.15" woosigns.com 10.38.47.211
93.152.221.213 - - [27/Aug/2026:19:14:29 -0600] "GET /web_online_store/wp-admin/ HTTP/1.1" 302 - "https://www.bing.com/" "Mozilla/5.0 (Macintosh; Intel Mac OS X 10_15_7) AppleWebKit/605.1.15 (KHTML, like Gecko) Version/17.1 Safari/605.1.15" woosigns.com 10.38.47.211
93.152.221.213 - - [27/Aug/2026:19:14:29 -0600] "GET /web_online_store/wp-login.php?redirect_to=https%3A%2F%2Fwoosigns.com%2Fweb_online_store%2Fwp-admin%2F&reauth=1 HTTP/1.1" 409 83 "https://www.bing.com/" "Mozilla/5.0 (Macintosh; Intel Mac OS X 10_15_7) AppleWebKit/605.1.15 (KHTML, like Gecko) Version/17.1 Safari/605.1.15" woosigns.com 10.38.47.211
120.29.97.150 - - [27/Aug/2026:19:14:29 -0600] "POST /web_online_store/xmlrpc.php HTTP/1.1" 200 130 "-" "Mozilla/5.0 (Macintosh; Intel Mac OS X 10_15_7) AppleWebKit/537.36 (KHTML, like Gecko) Chrome/122.0.0.0 Safari/537.36" woosigns.com 10.38.47.211
67.20.76.220 - - [27/Aug/2026:19:14:30 -0600] "POST /web_online_store/wp-cron.php?doing_wp_cron=1787879670.6676440238952636718750 HTTP/1.1" 200 - "-" "WordPress/6.9.7; https://woosigns.com" woosigns.com 10.38.47.211
120.29.97.150 - - [27/Aug/2026:19:14:34 -0600] "POST /web_online_store/xmlrpc.php HTTP/1.1" 200 4335 "-" "Mozilla/5.0 (Macintosh; Intel Mac OS X 10_15_7) AppleWebKit/537.36 (KHTML, like Gecko) Chrome/148.0.0.0 Safari/537.36" woosigns.com 10.38.47.211
120.29.97.150 - - [27/Aug/2026:19:14:37 -0600] "GET /free-jekyll-and-hyde-slot-internet-games/ HTTP/1.1" 200 31632 "-" "Mozilla/5.0 (Windows NT 10.0; Win64; x64; rv:138.0) Gecko/20100101 Firefox/138.0" woosigns.com 10.38.47.211
120.29.97.150 - - [27/Aug/2026:19:14:37 -0600] "GET /free-jekyll-and-hyde-slot-internet-games/ HTTP/1.1" 200 31632 "-" "Mozilla/5.0 (Windows NT 10.0; Win64; x64; rv:138.0) Gecko/20100101 Firefox/138.0" woosigns.com 10.38.47.211
181.117.136.204 - - [27/Aug/2026:19:14:45 -0600] "POST /xmlrpc.php HTTP/2.0" 404 27782 "https://woosigns.com/" "Mozilla/5.0 (Macintosh; Intel Mac OS X 14_0) AppleWebKit/537.36 (KHTML, like Gecko) Chrome/126.0.6478.78 Safari/537.36 Edg/126.0.2592.74" woosigns.com 10.38.47.211
181.117.136.204 - - [27/Aug/2026:19:14:46 -0600] "POST /xmlrpc.php HTTP/2.0" 404 27782 "https://woosigns.com/" "Mozilla/5.0 (Macintosh; Intel Mac OS X 13.5.2; rv:128.0) Gecko/20100101 Firefox/128.0" woosigns.com 10.38.47.211
68.65.122.149 - - [27/Aug/2026:19:15:51 -0600] "GET /wp-login.php HTTP/2.0" 409 83 "-" "Mozilla/5.0 (Windows NT 10.0; Win64; x64) AppleWebKit/537.36 (KHTML, like Gecko) Chrome/151.0.0.0 Safari/537.36" woosigns.com 10.38.47.211
67.20.76.220 - - [27/Aug/2026:19:15:52 -0600] "POST /web_online_store/wp-cron.php?doing_wp_cron=1787879752.7687799930572509765625 HTTP/1.1" 200 - "-" "WordPress/6.9.7; https://woosigns.com" woosigns.com 10.38.47.211
178.161.136.42 - - [27/Aug/2026:19:15:51 -0600] "POST /web_online_store/xmlrpc.php HTTP/1.1" 200 130 "-" "Mozilla/5.0 (Windows NT 10.0; Win64; x64) AppleWebKit/537.36 (KHTML, like Gecko) Chrome/120.0.0.0 Safari/537.36" woosigns.com 10.38.47.211
178.161.136.42 - - [27/Aug/2026:19:16:53 -0600] "POST /web_online_store/xmlrpc.php HTTP/1.1" 200 5664 "-" "Mozilla/5.0 (Macintosh; Intel Mac OS X 10_15_7) AppleWebKit/605.1.15 (KHTML, like Gecko) Version/18.1 Safari/605.1.15" woosigns.com 10.38.47.211
178.161.136.42 - - [27/Aug/2026:19:16:56 -0600] "GET /preferred-games-cobber-casino-mobile-for-the-roblox/ HTTP/1.1" 200 33019 "-" "Mozilla/5.0 (Macintosh; Intel Mac OS X 10_15_7) AppleWebKit/537.36 (KHTML, like Gecko) Chrome/132.0.0.0 Safari/537.36" woosigns.com 10.38.47.211
178.161.136.42 - - [27/Aug/2026:19:16:56 -0600] "GET /preferred-games-cobber-casino-mobile-for-the-roblox/ HTTP/1.1" 200 33019 "-" "Mozilla/5.0 (Macintosh; Intel Mac OS X 10_15_7) AppleWebKit/537.36 (KHTML, like Gecko) Chrome/132.0.0.0 Safari/537.36" woosigns.com 10.38.47.211
67.20.76.220 - - [27/Aug/2026:19:17:21 -0600] "POST /web_online_store/wp-cron.php?doing_wp_cron=1787879841.8532691001892089843750 HTTP/1.1" 200 - "-" "WordPress/6.9.7; https://woosigns.com" woosigns.com 10.38.47.211
176.108.65.123 - - [27/Aug/2026:19:17:20 -0600] "POST /web_online_store/xmlrpc.php HTTP/1.1" 200 130 "-" "Mozilla/5.0 (Macintosh; Intel Mac OS X 10_15_7) AppleWebKit/605.1.15 (KHTML, like Gecko) Version/18.3.1 Safari/605.1.15" woosigns.com 10.38.47.211
176.108.65.123 - - [27/Aug/2026:19:17:25 -0600] "POST /web_online_store/xmlrpc.php HTTP/1.1" 406 226 "-" "Mozilla/5.0 (X11; Ubuntu; Linux x86_64; rv:138.0) Gecko/20100101 Firefox/138.0" woosigns.com 10.38.47.211
176.108.65.123 - - [27/Aug/2026:19:17:33 -0600] "POST /web_online_store/xmlrpc.php HTTP/1.1" 406 226 "-" "Mozilla/5.0 (X11; Ubuntu; Linux x86_64; rv:138.0) Gecko/20100101 Firefox/138.0" woosigns.com 10.38.47.211
176.108.65.123 - - [27/Aug/2026:19:17:40 -0600] "POST /web_online_store/xmlrpc.php HTTP/1.1" 200 4641 "-" "Mozilla/5.0 (Macintosh; Intel Mac OS X 10_15_7) AppleWebKit/537.36 (KHTML, like Gecko) obsidian/1.8.9 Chrome/132.0.6834.210 Electron/34.3.0 Safari/537.36" woosigns.com 10.38.47.211
67.20.76.220 - - [27/Aug/2026:19:17:44 -0600] "POST /web_online_store/wp-cron.php?doing_wp_cron=1787879864.6819460391998291015625 HTTP/1.1" 200 - "-" "WordPress/6.9.7; https://woosigns.com" woosigns.com 10.38.47.211
103.134.246.20 - - [27/Aug/2026:19:17:43 -0600] "POST /web_online_store/xmlrpc.php HTTP/1.1" 200 130 "-" "Mozilla/5.0 (Windows NT 10.0; Win64; x64) AppleWebKit/537.36 (KHTML, like Gecko) obsidian/1.6.5 Chrome/124.0.6367.243 Electron/30.1.2 Safari/537.36" woosigns.com 10.38.47.211
176.108.65.123 - - [27/Aug/2026:19:17:44 -0600] "GET /da-vinci-diamonds-pokie-by-igt-position-evaluation-gladiator-symbols-have/ HTTP/1.1" 200 32091 "-" "Mozilla/5.0 (Macintosh; Intel Mac OS X 10_15_7) AppleWebKit/537.36 (KHTML, like Gecko) Chrome/147.0.0.0 Safari/537.36" woosigns.com 10.38.47.211
176.108.65.123 - - [27/Aug/2026:19:17:44 -0600] "GET /da-vinci-diamonds-pokie-by-igt-position-evaluation-gladiator-symbols-have/ HTTP/1.1" 200 32091 "-" "Mozilla/5.0 (Macintosh; Intel Mac OS X 10_15_7) AppleWebKit/537.36 (KHTML, like Gecko) Chrome/147.0.0.0 Safari/537.36" woosigns.com 10.38.47.211
103.134.246.20 - - [27/Aug/2026:19:17:49 -0600] "POST /web_online_store/xmlrpc.php HTTP/1.1" 200 8562 "-" "Mozilla/5.0 (Windows NT 10.0; Win64; x64) AppleWebKit/537.36 (KHTML, like Gecko) Chrome/120.0.0.0 Safari/537.36" woosigns.com 10.38.47.211
102.134.101.35 - - [27/Aug/2026:19:17:55 -0600] "GET /wp-login.php HTTP/2.0" 409 83 "-" "Mozilla/5.0 (Windows NT 10.0; Win64; x64) AppleWebKit/537.36 (KHTML, like Gecko) Chrome/151.0.0.0 Safari/537.36" woosigns.com 10.38.47.211
103.134.246.20 - - [27/Aug/2026:19:17:56 -0600] "GET /pozitsiya-2-na-jack-hammer-100-protsenta-ice-casino-bezplatni-zavrtaniya-demonstratsiya-i-sveti/ HTTP/1.1" 200 36780 "-" "Mozilla/5.0 (Windows NT 10.0; Win64; x64) AppleWebKit/537.36 (KHTML, like Gecko) Chrome/119.0.0.0 Safari/537.36" woosigns.com 10.38.47.211
103.134.246.20 - - [27/Aug/2026:19:17:56 -0600] "GET /pozitsiya-2-na-jack-hammer-100-protsenta-ice-casino-bezplatni-zavrtaniya-demonstratsiya-i-sveti/ HTTP/1.1" 200 36780 "-" "Mozilla/5.0 (Windows NT 10.0; Win64; x64) AppleWebKit/537.36 (KHTML, like Gecko) Chrome/119.0.0.0 Safari/537.36" woosigns.com 10.38.47.211
102.134.101.35 - - [27/Aug/2026:19:17:57 -0600] "POST /wp-login.php HTTP/2.0" 409 83 "https://woosigns.com/wp-login.php" "Mozilla/5.0 (Windows NT 10.0; Win64; x64) AppleWebKit/537.36 (KHTML, like Gecko) Chrome/151.0.0.0 Safari/537.36" woosigns.com 10.38.47.211
74.91.49.40 - - [27/Aug/2026:19:18:30 -0600] "GET /need-help-artwork/ HTTP/1.1" 200 29006 "-" "Mozilla/5.0 (X11; Linux x86_64) AppleWebKit/537.36 (KHTML, like Gecko) Chrome/114.0.0.0 Safari/537.36 OPR/89.0.4447.51" woosigns.com 10.38.47.211
74.91.49.40 - - [27/Aug/2026:19:18:30 -0600] "GET /need-help-artwork/ HTTP/1.1" 200 29006 "-" "Mozilla/5.0 (X11; Linux x86_64) AppleWebKit/537.36 (KHTML, like Gecko) Chrome/114.0.0.0 Safari/537.36 OPR/89.0.4447.51" woosigns.com 10.38.47.211
74.91.49.40 - - [27/Aug/2026:19:18:32 -0600] "GET /web_online_store/wp-content/plugins/contact-form-7/includes/js/jquery.form.min.js?ver=3.51.0-2014.06.20 HTTP/1.1" 200 6688 "https://woosigns.com/need-help-artwork/" "Mozilla/5.0 (X11; Linux x86_64) AppleWebKit/537.36 (KHTML, like Gecko) Chrome/114.0.0.0 Safari/537.36 OPR/89.0.4447.51" woosigns.com 10.38.47.211
74.91.49.40 - - [27/Aug/2026:19:18:33 -0600] "GET /web_online_store/wp-content/plugins/contact-form-7/includes/js/jquery.form.min.js?ver=3.51.0-2014.06.20 HTTP/1.1" 200 6688 "https://woosigns.com/" "Mozilla/5.0 (X11; Linux x86_64) AppleWebKit/537.36 (KHTML, like Gecko) Chrome/114.0.0.0 Safari/537.36 OPR/89.0.4447.51" woosigns.com 10.38.47.211
74.91.49.40 - - [27/Aug/2026:19:18:34 -0600] "POST /need-help-artwork/ HTTP/1.1" 200 29069 "https://woosigns.com/need-help-artwork/" "Mozilla/5.0 (X11; Linux x86_64) AppleWebKit/537.36 (KHTML, like Gecko) Chrome/114.0.0.0 Safari/537.36 OPR/89.0.4447.51" woosigns.com 10.38.47.211
167.71.132.111 - - [27/Aug/2026:19:18:52 -0600] "GET /wp-login.php HTTP/2.0" 409 83 "-" "Mozilla/5.0 (Windows NT 10.0; Win64; x64) AppleWebKit/537.36 (KHTML, like Gecko) Chrome/151.0.0.0 Safari/537.36" woosigns.com 10.38.47.211
67.20.76.220 - - [27/Aug/2026:19:18:55 -0600] "POST /web_online_store/wp-cron.php?doing_wp_cron=1787879935.4790840148925781250000 HTTP/1.1" 200 - "-" "WordPress/6.9.7; https://woosigns.com" woosigns.com 10.38.47.211
190.112.96.49 - - [27/Aug/2026:19:18:52 -0600] "POST /web_online_store/xmlrpc.php HTTP/1.1" 200 130 "-" "Mozilla/5.0 (Macintosh; Intel Mac OS X 10_15_7) AppleWebKit/537.36 (KHTML, like Gecko) obsidian/1.6.5 Chrome/124.0.6367.243 Electron/30.1.2 Safari/537.36" woosigns.com 10.38.47.211
190.112.96.49 - - [27/Aug/2026:19:19:02 -0600] "POST /web_online_store/xmlrpc.php HTTP/1.1" 406 226 "-" "Mozilla/5.0 (X11; Linux x86_64) AppleWebKit/537.36 (KHTML, like Gecko) Chrome/133.0.0.0 Safari/537.36" woosigns.com 10.38.47.211
190.112.96.49 - - [27/Aug/2026:19:19:12 -0600] "POST /web_online_store/xmlrpc.php HTTP/1.1" 406 226 "-" "Mozilla/5.0 (X11; Linux x86_64) AppleWebKit/537.36 (KHTML, like Gecko) Chrome/133.0.0.0 Safari/537.36" woosigns.com 10.38.47.211
190.112.96.49 - - [27/Aug/2026:19:19:22 -0600] "POST /web_online_store/xmlrpc.php HTTP/1.1" 406 226 "-" "Mozilla/5.0 (X11; Linux x86_64) AppleWebKit/537.36 (KHTML, like Gecko) Chrome/132.0.0.0 Safari/537.36" woosigns.com 10.38.47.211
57.141.14.11 - - [27/Aug/2026:19:19:24 -0600] "GET /designing-engaging-mobile-gaming-experiences-strategies-and-insights/ HTTP/1.1" 200 30810 "-" "Mozilla/5.0 (Windows NT 10.0; Win64; x64) AppleWebKit/537.36 (KHTML, like Gecko) Chrome/145.0.0.0 Safari/537.36 (compatible; meta-externalagent/1.1 (+https://developers.facebook.com/docs/sharing/webmasters/crawler))" woosigns.com 10.38.47.211
57.141.14.11 - - [27/Aug/2026:19:19:24 -0600] "GET /designing-engaging-mobile-gaming-experiences-strategies-and-insights/ HTTP/2.0" 200 30810 "-" "Mozilla/5.0 (Windows NT 10.0; Win64; x64) AppleWebKit/537.36 (KHTML, like Gecko) Chrome/145.0.0.0 Safari/537.36 (compatible; meta-externalagent/1.1 (+https://developers.facebook.com/docs/sharing/webmasters/crawler))" woosigns.com 10.38.47.211
190.112.96.49 - - [27/Aug/2026:19:19:34 -0600] "POST /web_online_store/xmlrpc.php HTTP/1.1" 406 226 "-" "Mozilla/5.0 (X11; Linux x86_64) AppleWebKit/537.36 (KHTML, like Gecko) Chrome/132.0.0.0 Safari/537.36" woosigns.com 10.38.47.211
190.112.96.49 - - [27/Aug/2026:19:19:39 -0600] "GET /web_online_store/?p=5363 HTTP/1.1" 301 1496 "-" "Mozilla/5.0 (X11; Linux x86_64) AppleWebKit/537.36 Chrome/124.0" woosigns.com 10.38.47.211
190.112.96.49 - - [27/Aug/2026:19:19:39 -0600] "GET /web_online_store/?p=5363 HTTP/1.1" 301 1496 "-" "Mozilla/5.0 (X11; Linux x86_64) AppleWebKit/537.36 Chrome/124.0" woosigns.com 10.38.47.211
